{"id":97140,"date":"2025-06-25T12:00:57","date_gmt":"2025-06-25T16:00:57","guid":{"rendered":"https:\/\/www.iaff.org\/maladies-infectieuses\/maladies\/oreillons\/"},"modified":"2025-07-09T10:00:21","modified_gmt":"2025-07-09T14:00:21","slug":"oreillons","status":"publish","type":"page","link":"https:\/\/www.iaff.org\/fr-ca\/maladies-infectieuses\/maladies\/oreillons\/","title":{"rendered":"Oreillons"},"content":{"rendered":"<section\n\t class=\"secondary-hero align wp-block-acf-secondary-hero\" id=\"secondary-hero_block_571f8eee7f22d8dd687301e6e784fa4c\">\n\t\n<header\n\tclass=\"w-full u-bg-full-width px-[22px] md:ps-bleed md:pe-0 py-[60px] bg-smoke-5 text-black u-has-rivets u-rivets-dark\"\n\tdata-theme=\"gray\"\n>\n\t<div class=\"flex flex-col !px-0 !max-w-[1440px] w-full lg:!ps-indent\">\n\t\t<div class=\"border-t-[6px] w-full my-0 flex flex-col md:flex-row gap-x-[62px] gap-y-[22px] border-red\">\n\t\t\t\t\t\t<div class=\"w-full md:w-1\/2 md:py-[45px]\">\n\t\t\t\t<div class=\"max-w-[600px] flex flex-col gap-[22px]\">\n\t\t\t\t\t\t\t\t\t\t\t<h1 class=\"has-[.u-halftone-shadow--dark]:mb-divider has-[.u-halftone-shadow--light]:mb-divider pt-[22px] md:pt-0\">\n\t\t\t\t\t\t\t<span class=\"inline-flex text-heading-200 u-halftone-shadow--dark\">\n\t\t\t\t\t\t\t\tOreillons\t\t\t\t\t\t\t<\/span>\n\t\t\t\t\t\t<\/h1>\n\t\t\t\t\t\t\t\t\t\t\t\t\t\t\t\t\t\t\t\t\t\t\t\t\t\t\t\t\t<\/div>\n\t\t\t<\/div>\n\n\t\t<\/div>\n\t\t\t\t\t<div class=\"order-first flex justify-start w-full pb-[22px]\">\n\t\t\t\t<div\n\tclass=\"wp-block-button is-style-tertiary text-smoke is-style-tertiary-back\"\n>\n\t\t\t<a\n\t\t\thref=\"https:\/\/www.iaff.org\/fr-ca\/maladies-infectieuses\/maladies\/\"\n\t\t\tclass=\"wp-block-button__link wp-element-button group\"\n\t\t\t\t\t>\n\t\t\t<span\n\t\t\tclass=\"decoration-transparent underline underline-offset-2 group-hover:decoration-inherit group-focus-visible:decoration-inherit transition duration-hover\"\n\t\t>\n\t\t\tMaladies infectieuses\t\t<\/span>\n\n\t\t<span\n\t\t\tclass=\"bg-inherit transition-colors duration-hover group-hover:bg-gold group-focus:bg-gold inline-flex rotate-180 order-first\"\n\t\t>\n\t\t\t<svg xmlns=\"http:\/\/www.w3.org\/2000\/svg\" width=\"21\" height=\"22\" fill=\"none\" viewBox=\"0 0 21 22\"><path stroke=\"currentColor\" stroke-linecap=\"round\" stroke-width=\"2\" d=\"M20 20.75L20 2.25L1.5 2.25L1.5 20.75L20 20.75Z\" clip-rule=\"evenodd\"\/><path stroke=\"currentColor\" stroke-linecap=\"square\" stroke-width=\"2\" d=\"M14.0883 11.5L6.66406 11.5\"\/><path stroke=\"currentColor\" stroke-linecap=\"square\" stroke-width=\"2\" d=\"M11.0723 7.75205L14.8363 11.5L11.0723 15.248\"\/><\/svg>\t\t<\/span>\n\t<\/a><\/div>\n\t\t\t<\/div>\n\t\t\t<\/div>\n<\/header>\n<\/section>\n<section\n\t class=\"page-blocks iaff-page-blocks align wp-block-acf-page-blocks\" id=\"page-blocks_block_0925dda099b472c2190e4b5db7f9712f\">\n\t<div class=\"acf-innerblocks-container\">\n<div class=\"wp-block-paragraph \">\n<p>Les oreillons sont une maladie virale qui touche principalement les enfants. Cependant, elle survient chez les adolescents et les adultes. <\/p>\n<\/div>\n\n\n<h3 class=\"wp-block-heading\">Comment pouvez-vous l\u2019obtenir?<\/h3>\n\n\n<div class=\"wp-block-paragraph \">\n<p>Les oreillons se transmettent d\u2019une personne \u00e0 l\u2019autre par des gouttelettes respiratoires provenant de la toux ou des \u00e9ternuements. Les oreillons sont plus fr\u00e9quents en hiver et au printemps. Les patients atteints d\u2019oreillons sont contagieux de 1 \u00e0 2 jours avant l\u2019enflure des glandes parotides (une glande salivaire) \u00e0 environ 5 jours apr\u00e8s le d\u00e9but de l\u2019enflure. Le virus peut survivre sur des surfaces et toucher une surface contamin\u00e9e par des particules virales puis se toucher le nez ou la bouche peut \u00e9galement entra\u00eener une infection.   <\/p>\n<\/div>\n\n<section\n\t class=\"section-header mb-10 align wp-block-acf-section-header\" id=\"section-header_block_b079475b482afb7214129fb0bc005746\">\n\t<div class=\"\">\n\t<div class=\"flex flex-col md:flex-row justify-between max-w-content gap-x-8 md:items-end flex-wrap\">\n\t\t<h2 class=\"text-heading-200 pb-[2px]\">\n\t\t\tSympt\u00f4mes\t\t<\/h2>\n\n\t\t\t\t\t<div class=\"md:order-last w-full\">\n\t\t\t\t\n\t<hr class=\"h-[6px] text-red border-red bg-red w-full my-0\" role=\"presentation\"\/>\n\n\t<div class=\"h-divider w-full bg-halftone-divider bg-right\"><\/div>\n\t\t\t<\/div>\n\t\t\n\t\t\t<\/div>\n<\/div>\n<\/section>\n\n\n<div class=\"wp-block-paragraph \">\n<p>Les sympt\u00f4mes des oreillons apparaissent environ 16 \u00e0 18 jours apr\u00e8s l\u2019exposition au virus et comprennent :<\/p>\n<\/div>\n\n<div class=\"wp-block-list\">\n<ul class=\"wp-block-list\">\n<li>Fi\u00e8vre<\/li>\n\n\n\n<li>Maux de t\u00eate<\/li>\n\n\n\n<li>Douleurs musculaires<\/li>\n\n\n\n<li>La fatigue<\/li>\n\n\n\n<li>Suivi quelques jours plus tard d\u2019une enflure et d\u2019une sensibilit\u00e9 des glandes salivaires sous les oreilles ou la m\u00e2choire d\u2019un ou des deux c\u00f4t\u00e9s du visage (parotidite)<\/li>\n<\/ul>\n<\/div>\n\n<div class=\"wp-block-paragraph \">\n<p>Les <strong>complications<\/strong> des oreillons sont rares, mais peuvent inclure : surdit\u00e9 temporaire ou permanente (1 cas sur 20 000), inflammation de divers organes comme le cerveau ou, chez les personnes qui ont atteint la pubert\u00e9, des testicules, des ovaires et\/ou des seins.<\/p>\n<\/div>\n\n<section\n\t class=\"section-header mb-10 align wp-block-acf-section-header\" id=\"section-header_block_6807f2f3dc0d19751df82d4d147d1ad2\">\n\t<div class=\"\">\n\t<div class=\"flex flex-col md:flex-row justify-between max-w-content gap-x-8 md:items-end flex-wrap\">\n\t\t<h2 class=\"text-heading-200 pb-[2px]\">\n\t\t\tPr\u00e9vention\t\t<\/h2>\n\n\t\t\t\t\t<div class=\"md:order-last w-full\">\n\t\t\t\t\n\t<hr class=\"h-[6px] text-red border-red bg-red w-full my-0\" role=\"presentation\"\/>\n\n\t<div class=\"h-divider w-full bg-halftone-divider bg-right\"><\/div>\n\t\t\t<\/div>\n\t\t\n\t\t\t<\/div>\n<\/div>\n<\/section>\n\n\n<div class=\"wp-block-paragraph \">\n<p>Les oreillons sont maintenant rares aux \u00c9tats-Unis en raison de l\u2019utilisation du vaccin contre la rougeole, les oreillons et la rub\u00e9ole. Cependant, l\u2019efficacit\u00e9 des 2 doses du vaccin est estim\u00e9e \u00e0 80% \u00e0 90%, ce qui signifie qu\u2019il y a suffisamment de r\u00e9sidents am\u00e9ricains qui restent sensibles au virus pour entra\u00eener des \u00e9closions p\u00e9riodiques, la plus r\u00e9cente en 2009. Les \u00e9tudiants dans des espaces restreints, comme dans les camps d\u2019\u00e9t\u00e9 et les coll\u00e8ges, sont les plus \u00e0 risque. Le vaccin (RRO) vaccine \u00e9galement contre la rougeole et la rub\u00e9ole et constitue une vaccination syst\u00e9matique pour les enfants. Le vaccin RRO <strong>ne cause pas l\u2019autisme<\/strong>. \u00c0 l\u2019heure actuelle, deux doses sont recommand\u00e9es pour l\u2019enfance.     <\/p>\n<\/div>\n\n<div class=\"wp-block-paragraph \">\n<p>La vaccination du personnel de la sant\u00e9 (2 doses d\u2019un vaccin vivant contre le virus des oreillons) est recommand\u00e9e, sauf si le travailleur est n\u00e9 en 1957 ou apr\u00e8s et qu\u2019il a :<\/p>\n<\/div>\n\n<div class=\"wp-block-list\">\n<ul class=\"wp-block-list\">\n<li>Administration document\u00e9e de 2 doses de vaccin vivant contre le virus des oreillons OU<\/li>\n\n\n\n<li>Preuve d\u2019immunit\u00e9 en laboratoire OU<\/li>\n\n\n\n<li>confirmation de la maladie en laboratoire.<\/li>\n<\/ul>\n<\/div>\n\n<div class=\"wp-block-paragraph \">\n<p>Les CDC recommandent \u00e9galement au moins 1 dose d\u2019un vaccin vivant contre le virus des oreillons pour les travailleurs non vaccin\u00e9s n\u00e9s avant 1957 qui n\u2019ont pas d\u2019oreillons diagnostiqu\u00e9s par un m\u00e9decin ou de preuve de laboratoire d\u2019immunit\u00e9 contre les oreillons.<\/p>\n<\/div>\n\n<div class=\"wp-block-paragraph \">\n<p>En cas d\u2019\u00e9closion d\u2019oreillons, les CDC recommandent de fournir 2 doses d\u2019un vaccin vivant contre le virus des oreillons au personnel de sant\u00e9 non vaccin\u00e9 n\u00e9 avant 1957 qui n\u2019a pas de preuve d\u2019immunit\u00e9 contre les oreillons.<\/p>\n<\/div>\n\n<div class=\"wp-block-paragraph \">\n<p>Les travailleurs qui re\u00e7oivent ces vaccins n\u2019ont pas besoin d\u2019\u00eatre exclus du travail dans les jours qui suivent imm\u00e9diatement la vaccination.<\/p>\n<\/div>\n\n<div class=\"wp-block-paragraph \">\n<p>En plus de la vaccination, vous pouvez aider \u00e0 pr\u00e9venir la propagation de la rougeole en :<\/p>\n<\/div>\n\n<div class=\"wp-block-list\">\n<ul class=\"wp-block-list\">\n<li>Pr\u00e9venir la contamination et effectuer la d\u00e9contamination des surfaces<\/li>\n\n\n\n<li>Utiliser les pr\u00e9cautions universelles<div class=\"wp-block-list\">\n<ul class=\"wp-block-list\">\n<li>Supposez que les patients pr\u00e9sentant des sympt\u00f4mes respiratoires sont contagieux et fournissez des masques aux patients symptomatiques.<\/li>\n\n\n\n<li>Limiter le nombre de membres d\u2019\u00e9quipage ayant des contacts directs avec les patients.<\/li>\n\n\n\n<li>Hygi\u00e8ne des mains (laver \u00e0 l\u2019eau et au savon ou \u00e0 l\u2019aide d\u2019un d\u00e9sinfectant pour les mains \u00e0 base d\u2019alcool)<\/li>\n\n\n\n<li>\u00c9quipement de protection individuelle (EPI) (gants, blouses et protection respiratoire), <strong>l\u2019AIP recommande les respirateurs P100<\/strong> pour tous les patients pr\u00e9sentant des sympt\u00f4mes respiratoires tels que la toux<\/li>\n<\/ul>\n<\/div><\/li>\n<\/ul>\n<\/div>\n\n<section\n\t class=\"section-header mb-10 align wp-block-acf-section-header\" id=\"section-header_block_a79af28c7c6f8d56e8a35925544e7793\">\n\t<div class=\"\">\n\t<div class=\"flex flex-col md:flex-row justify-between max-w-content gap-x-8 md:items-end flex-wrap\">\n\t\t<h2 class=\"text-heading-200 pb-[2px]\">\n\t\t\tQue devez-vous faire si vous croyez avoir \u00e9t\u00e9 expos\u00e9 aux oreillons?\t\t<\/h2>\n\n\t\t\t\t\t<div class=\"md:order-last w-full\">\n\t\t\t\t\n\t<hr class=\"h-[6px] text-red border-red bg-red w-full my-0\" role=\"presentation\"\/>\n\n\t<div class=\"h-divider w-full bg-halftone-divider bg-right\"><\/div>\n\t\t\t<\/div>\n\t\t\n\t\t\t<\/div>\n<\/div>\n<\/section>\n\n\n<div class=\"wp-block-paragraph \">\n<p>Exposition = \u00eatre \u00e0 moins de 3 \u00e0 6 pieds d\u2019un patient ayant re\u00e7u un diagnostic d\u2019oreillons sans utiliser d\u2019\u00e9quipement de protection individuelle appropri\u00e9.<\/p>\n<\/div>\n\n<div class=\"wp-block-paragraph \">\n<p>Ce que vous faites si vous \u00e9tiez aussi proche d\u00e9pend de votre immunit\u00e9 contre les oreillons (voir les crit\u00e8res de pr\u00e9vention ci-dessus).<\/p>\n<\/div>\n\n<div class=\"wp-block-list\">\n<ul class=\"wp-block-list\">\n<li>Si vous \u00eates immunis\u00e9, vous pouvez continuer \u00e0 travailler, mais vous devez signaler tout signe ou sympt\u00f4me de maladie pendant la p\u00e9riode d\u2019incubation, de 12 \u00e0 25 jours apr\u00e8s l\u2019exposition.<\/li>\n\n\n\n<li>Si vous avez re\u00e7u l\u2019un des deux vaccins requis (partiellement immunis\u00e9), vous devriez recevoir une 2e dose d\u00e8s que possible, mais pas plus t\u00f4t que 28 jours apr\u00e8s la premi\u00e8re. Vous pouvez continuer \u00e0 travailler, mais vous devez signaler tout signe ou sympt\u00f4me de maladie pendant la p\u00e9riode d\u2019incubation, de 12 \u00e0 25 jours apr\u00e8s l\u2019exposition. <\/li>\n\n\n\n<li>Si vous n\u2019\u00eates pas immunis\u00e9, vous devriez vous faire vacciner. Vous ne devriez pas travailler du 9e au 26e jour apr\u00e8s l\u2019exposition. Cela s\u2019applique m\u00eame si vous recevez votre premi\u00e8re dose du vaccin d\u00e8s que vous apprenez l\u2019exposition.  <\/li>\n\n\n\n<li>Vous devez vous absenter du travail si vous d\u00e9veloppez des oreillons.<\/li>\n<\/ul>\n<\/div>\n<\/div><\/section>\n","protected":false},"excerpt":{"rendered":"","protected":false},"featured_media":0,"parent":71457,"menu_order":0,"comment_status":"closed","ping_status":"closed","template":"","meta":{"_acf_changed":false,"_searchwp_excluded":"","inline_featured_image":false,"_EventAllDay":false,"_EventTimezone":"","_EventStartDate":"","_EventEndDate":"","_EventStartDateUTC":"","_EventEndDateUTC":"","_EventShowMap":false,"_EventShowMapLink":false,"_EventURL":"","_EventCost":"","_EventCostDescription":"","_EventCurrencySymbol":"","_EventCurrencyCode":"","_EventCurrencyPosition":"","_EventDateTimeSeparator":"","_EventTimeRangeSeparator":"","_EventOrganizerID":[],"_EventVenueID":[],"_OrganizerEmail":"","_OrganizerPhone":"","_OrganizerWebsite":"","_VenueAddress":"","_VenueCity":"","_VenueCountry":"","_VenueProvince":"","_VenueState":"","_VenueZip":"","_VenuePhone":"","_VenueURL":"","_VenueStateProvince":"","_VenueLat":"","_VenueLng":"","_VenueShowMap":false,"_VenueShowMapLink":false,"footnotes":""},"class_list":["post-97140","page","type-page","status-publish","hentry"],"acf":[],"publishpress_future_workflow_manual_trigger":{"enabledWorkflows":[]},"_links":{"self":[{"href":"https:\/\/www.iaff.org\/fr-ca\/wp-json\/wp\/v2\/pages\/97140","targetHints":{"allow":["GET"]}}],"collection":[{"href":"https:\/\/www.iaff.org\/fr-ca\/wp-json\/wp\/v2\/pages"}],"about":[{"href":"https:\/\/www.iaff.org\/fr-ca\/wp-json\/wp\/v2\/types\/page"}],"author":[{"embeddable":true,"href":"https:\/\/www.iaff.org\/fr-ca\/wp-json\/wp\/v2\/users\/32403"}],"replies":[{"embeddable":true,"href":"https:\/\/www.iaff.org\/fr-ca\/wp-json\/wp\/v2\/comments?post=97140"}],"version-history":[{"count":0,"href":"https:\/\/www.iaff.org\/fr-ca\/wp-json\/wp\/v2\/pages\/97140\/revisions"}],"up":[{"embeddable":true,"href":"https:\/\/www.iaff.org\/fr-ca\/wp-json\/wp\/v2\/pages\/71457"}],"wp:attachment":[{"href":"https:\/\/www.iaff.org\/fr-ca\/wp-json\/wp\/v2\/media?parent=97140"}],"curies":[{"name":"wp","href":"https:\/\/api.w.org\/{rel}","templated":true}]}}

<section
	 class="secondary-hero align wp-block-acf-secondary-hero" id="secondary-hero_block_571f8eee7f22d8dd687301e6e784fa4c">
	
<header
	class="w-full u-bg-full-width px-[22px] md:ps-bleed md:pe-0 py-[60px] bg-smoke-5 text-black u-has-rivets u-rivets-dark"
	data-theme="gray"
>
	<div class="flex flex-col !px-0 !max-w-[1440px] w-full lg:!ps-indent">
		<div class="border-t-[6px] w-full my-0 flex flex-col md:flex-row gap-x-[62px] gap-y-[22px] border-red">
						<div class="w-full md:w-1/2 md:py-[45px]">
				<div class="max-w-[600px] flex flex-col gap-[22px]">
											<h1 class="has-[.u-halftone-shadow--dark]:mb-divider has-[.u-halftone-shadow--light]:mb-divider pt-[22px] md:pt-0">
							<span class="inline-flex text-heading-200 u-halftone-shadow--dark">
								Oreillons							</span>
						</h1>
																													</div>
			</div>

		</div>
					<div class="order-first flex justify-start w-full pb-[22px]">
				<div
	class="wp-block-button is-style-tertiary text-smoke is-style-tertiary-back"
>
			<a
			href="https://www.iaff.org/fr-ca/maladies-infectieuses/maladies/"
			class="wp-block-button__link wp-element-button group"
					>
			<span
			class="decoration-transparent underline underline-offset-2 group-hover:decoration-inherit group-focus-visible:decoration-inherit transition duration-hover"
		>
			Maladies infectieuses		</span>

		<span
			class="bg-inherit transition-colors duration-hover group-hover:bg-gold group-focus:bg-gold inline-flex rotate-180 order-first"
		>
			<svg xmlns="http://www.w3.org/2000/svg" width="21" height="22" fill="none" viewBox="0 0 21 22"><path stroke="currentColor" stroke-linecap="round" stroke-width="2" d="M20 20.75L20 2.25L1.5 2.25L1.5 20.75L20 20.75Z" clip-rule="evenodd"/><path stroke="currentColor" stroke-linecap="square" stroke-width="2" d="M14.0883 11.5L6.66406 11.5"/><path stroke="currentColor" stroke-linecap="square" stroke-width="2" d="M11.0723 7.75205L14.8363 11.5L11.0723 15.248"/></svg>		</span>
	</a></div>
			</div>
			</div>
</header>
</section>
<section
	 class="page-blocks iaff-page-blocks align wp-block-acf-page-blocks" id="page-blocks_block_0925dda099b472c2190e4b5db7f9712f">
	<div class="acf-innerblocks-container">
<div class="wp-block-paragraph ">
<p>Les oreillons sont une maladie virale qui touche principalement les enfants. Cependant, elle survient chez les adolescents et les adultes. </p>
</div>


<h3 class="wp-block-heading">Comment pouvez-vous l’obtenir?</h3>


<div class="wp-block-paragraph ">
<p>Les oreillons se transmettent d’une personne à l’autre par des gouttelettes respiratoires provenant de la toux ou des éternuements. Les oreillons sont plus fréquents en hiver et au printemps. Les patients atteints d’oreillons sont contagieux de 1 à 2 jours avant l’enflure des glandes parotides (une glande salivaire) à environ 5 jours après le début de l’enflure. Le virus peut survivre sur des surfaces et toucher une surface contaminée par des particules virales puis se toucher le nez ou la bouche peut également entraîner une infection.   </p>
</div>

<section
	 class="section-header mb-10 align wp-block-acf-section-header" id="section-header_block_b079475b482afb7214129fb0bc005746">
	<div class="">
	<div class="flex flex-col md:flex-row justify-between max-w-content gap-x-8 md:items-end flex-wrap">
		<h2 class="text-heading-200 pb-[2px]">
			Symptômes		</h2>

					<div class="md:order-last w-full">
				
	<hr class="h-[6px] text-red border-red bg-red w-full my-0" role="presentation"/>

	<div class="h-divider w-full bg-halftone-divider bg-right"></div>
			</div>
		
			</div>
</div>
</section>


<div class="wp-block-paragraph ">
<p>Les symptômes des oreillons apparaissent environ 16 à 18 jours après l’exposition au virus et comprennent :</p>
</div>

<div class="wp-block-list">
<ul class="wp-block-list">
<li>Fièvre</li>



<li>Maux de tête</li>



<li>Douleurs musculaires</li>



<li>La fatigue</li>



<li>Suivi quelques jours plus tard d’une enflure et d’une sensibilité des glandes salivaires sous les oreilles ou la mâchoire d’un ou des deux côtés du visage (parotidite)</li>
</ul>
</div>

<div class="wp-block-paragraph ">
<p>Les <strong>complications</strong> des oreillons sont rares, mais peuvent inclure : surdité temporaire ou permanente (1 cas sur 20 000), inflammation de divers organes comme le cerveau ou, chez les personnes qui ont atteint la puberté, des testicules, des ovaires et/ou des seins.</p>
</div>

<section
	 class="section-header mb-10 align wp-block-acf-section-header" id="section-header_block_6807f2f3dc0d19751df82d4d147d1ad2">
	<div class="">
	<div class="flex flex-col md:flex-row justify-between max-w-content gap-x-8 md:items-end flex-wrap">
		<h2 class="text-heading-200 pb-[2px]">
			Prévention		</h2>

					<div class="md:order-last w-full">
				
	<hr class="h-[6px] text-red border-red bg-red w-full my-0" role="presentation"/>

	<div class="h-divider w-full bg-halftone-divider bg-right"></div>
			</div>
		
			</div>
</div>
</section>


<div class="wp-block-paragraph ">
<p>Les oreillons sont maintenant rares aux États-Unis en raison de l’utilisation du vaccin contre la rougeole, les oreillons et la rubéole. Cependant, l’efficacité des 2 doses du vaccin est estimée à 80% à 90%, ce qui signifie qu’il y a suffisamment de résidents américains qui restent sensibles au virus pour entraîner des éclosions périodiques, la plus récente en 2009. Les étudiants dans des espaces restreints, comme dans les camps d’été et les collèges, sont les plus à risque. Le vaccin (RRO) vaccine également contre la rougeole et la rubéole et constitue une vaccination systématique pour les enfants. Le vaccin RRO <strong>ne cause pas l’autisme</strong>. À l’heure actuelle, deux doses sont recommandées pour l’enfance.     </p>
</div>

<div class="wp-block-paragraph ">
<p>La vaccination du personnel de la santé (2 doses d’un vaccin vivant contre le virus des oreillons) est recommandée, sauf si le travailleur est né en 1957 ou après et qu’il a :</p>
</div>

<div class="wp-block-list">
<ul class="wp-block-list">
<li>Administration documentée de 2 doses de vaccin vivant contre le virus des oreillons OU</li>



<li>Preuve d’immunité en laboratoire OU</li>



<li>confirmation de la maladie en laboratoire.</li>
</ul>
</div>

<div class="wp-block-paragraph ">
<p>Les CDC recommandent également au moins 1 dose d’un vaccin vivant contre le virus des oreillons pour les travailleurs non vaccinés nés avant 1957 qui n’ont pas d’oreillons diagnostiqués par un médecin ou de preuve de laboratoire d’immunité contre les oreillons.</p>
</div>

<div class="wp-block-paragraph ">
<p>En cas d’éclosion d’oreillons, les CDC recommandent de fournir 2 doses d’un vaccin vivant contre le virus des oreillons au personnel de santé non vacciné né avant 1957 qui n’a pas de preuve d’immunité contre les oreillons.</p>
</div>

<div class="wp-block-paragraph ">
<p>Les travailleurs qui reçoivent ces vaccins n’ont pas besoin d’être exclus du travail dans les jours qui suivent immédiatement la vaccination.</p>
</div>

<div class="wp-block-paragraph ">
<p>En plus de la vaccination, vous pouvez aider à prévenir la propagation de la rougeole en :</p>
</div>

<div class="wp-block-list">
<ul class="wp-block-list">
<li>Prévenir la contamination et effectuer la décontamination des surfaces</li>



<li>Utiliser les précautions universelles<div class="wp-block-list">
<ul class="wp-block-list">
<li>Supposez que les patients présentant des symptômes respiratoires sont contagieux et fournissez des masques aux patients symptomatiques.</li>



<li>Limiter le nombre de membres d’équipage ayant des contacts directs avec les patients.</li>



<li>Hygiène des mains (laver à l’eau et au savon ou à l’aide d’un désinfectant pour les mains à base d’alcool)</li>



<li>Équipement de protection individuelle (EPI) (gants, blouses et protection respiratoire), <strong>l’AIP recommande les respirateurs P100</strong> pour tous les patients présentant des symptômes respiratoires tels que la toux</li>
</ul>
</div></li>
</ul>
</div>

<section
	 class="section-header mb-10 align wp-block-acf-section-header" id="section-header_block_a79af28c7c6f8d56e8a35925544e7793">
	<div class="">
	<div class="flex flex-col md:flex-row justify-between max-w-content gap-x-8 md:items-end flex-wrap">
		<h2 class="text-heading-200 pb-[2px]">
			Que devez-vous faire si vous croyez avoir été exposé aux oreillons?		</h2>

					<div class="md:order-last w-full">
				
	<hr class="h-[6px] text-red border-red bg-red w-full my-0" role="presentation"/>

	<div class="h-divider w-full bg-halftone-divider bg-right"></div>
			</div>
		
			</div>
</div>
</section>


<div class="wp-block-paragraph ">
<p>Exposition = être à moins de 3 à 6 pieds d’un patient ayant reçu un diagnostic d’oreillons sans utiliser d’équipement de protection individuelle approprié.</p>
</div>

<div class="wp-block-paragraph ">
<p>Ce que vous faites si vous étiez aussi proche dépend de votre immunité contre les oreillons (voir les critères de prévention ci-dessus).</p>
</div>

<div class="wp-block-list">
<ul class="wp-block-list">
<li>Si vous êtes immunisé, vous pouvez continuer à travailler, mais vous devez signaler tout signe ou symptôme de maladie pendant la période d’incubation, de 12 à 25 jours après l’exposition.</li>



<li>Si vous avez reçu l’un des deux vaccins requis (partiellement immunisé), vous devriez recevoir une 2e dose dès que possible, mais pas plus tôt que 28 jours après la première. Vous pouvez continuer à travailler, mais vous devez signaler tout signe ou symptôme de maladie pendant la période d’incubation, de 12 à 25 jours après l’exposition. </li>



<li>Si vous n’êtes pas immunisé, vous devriez vous faire vacciner. Vous ne devriez pas travailler du 9e au 26e jour après l’exposition. Cela s’applique même si vous recevez votre première dose du vaccin dès que vous apprenez l’exposition.  </li>



<li>Vous devez vous absenter du travail si vous développez des oreillons.</li>
</ul>
</div>
</div></section>
