{"id":97130,"date":"2025-06-25T11:19:14","date_gmt":"2025-06-25T15:19:14","guid":{"rendered":"https:\/\/www.iaff.org\/mononucleose\/"},"modified":"2025-06-25T16:06:37","modified_gmt":"2025-06-25T20:06:37","slug":"mononucleose","status":"publish","type":"page","link":"https:\/\/www.iaff.org\/fr-ca\/maladies-infectieuses\/maladies\/mononucleose\/","title":{"rendered":"Mononucl\u00e9ose"},"content":{"rendered":"<section\n\t class=\"secondary-hero align wp-block-acf-secondary-hero\" id=\"secondary-hero_block_4cff52d1df312b88dec6d63d0c35c6d5\">\n\t\n<header\n\tclass=\"w-full u-bg-full-width px-[22px] md:ps-bleed md:pe-0 py-[60px] bg-smoke-5 text-black u-has-rivets u-rivets-dark\"\n\tdata-theme=\"gray\"\n>\n\t<div class=\"flex flex-col !px-0 !max-w-[1440px] w-full lg:!ps-indent\">\n\t\t<div class=\"border-t-[6px] w-full my-0 flex flex-col md:flex-row gap-x-[62px] gap-y-[22px] border-red\">\n\t\t\t\t\t\t<div class=\"w-full md:w-1\/2 md:py-[45px]\">\n\t\t\t\t<div class=\"max-w-[600px] flex flex-col gap-[22px]\">\n\t\t\t\t\t\t\t\t\t\t\t<h1 class=\"has-[.u-halftone-shadow--dark]:mb-divider has-[.u-halftone-shadow--light]:mb-divider pt-[22px] md:pt-0\">\n\t\t\t\t\t\t\t<span class=\"inline-flex text-heading-200 u-halftone-shadow--dark\">\n\t\t\t\t\t\t\t\tMononucl\u00e9ose\t\t\t\t\t\t\t<\/span>\n\t\t\t\t\t\t<\/h1>\n\t\t\t\t\t\t\t\t\t\t\t\t\t\t\t\t\t\t\t\t\t\t\t\t\t\t\t\t\t<\/div>\n\t\t\t<\/div>\n\n\t\t<\/div>\n\t\t\t\t\t<div class=\"order-first flex justify-start w-full pb-[22px]\">\n\t\t\t\t<div\n\tclass=\"wp-block-button is-style-tertiary text-smoke is-style-tertiary-back\"\n>\n\t\t\t<a\n\t\t\thref=\"https:\/\/www.iaff.org\/fr-ca\/maladies-infectieuses\/maladies\/\"\n\t\t\tclass=\"wp-block-button__link wp-element-button group\"\n\t\t\t\t\t>\n\t\t\t<span\n\t\t\tclass=\"decoration-transparent underline underline-offset-2 group-hover:decoration-inherit group-focus-visible:decoration-inherit transition duration-hover\"\n\t\t>\n\t\t\tMaladies infectieuses\t\t<\/span>\n\n\t\t<span\n\t\t\tclass=\"bg-inherit transition-colors duration-hover group-hover:bg-gold group-focus:bg-gold inline-flex rotate-180 order-first\"\n\t\t>\n\t\t\t<svg xmlns=\"http:\/\/www.w3.org\/2000\/svg\" width=\"21\" height=\"22\" fill=\"none\" viewBox=\"0 0 21 22\"><path stroke=\"currentColor\" stroke-linecap=\"round\" stroke-width=\"2\" d=\"M20 20.75L20 2.25L1.5 2.25L1.5 20.75L20 20.75Z\" clip-rule=\"evenodd\"\/><path stroke=\"currentColor\" stroke-linecap=\"square\" stroke-width=\"2\" d=\"M14.0883 11.5L6.66406 11.5\"\/><path stroke=\"currentColor\" stroke-linecap=\"square\" stroke-width=\"2\" d=\"M11.0723 7.75205L14.8363 11.5L11.0723 15.248\"\/><\/svg>\t\t<\/span>\n\t<\/a><\/div>\n\t\t\t<\/div>\n\t\t\t<\/div>\n<\/header>\n<\/section>\n<section\n\t class=\"page-blocks iaff-page-blocks align wp-block-acf-page-blocks\" id=\"page-blocks_block_e83ac2b6fecc833903d1b1d9702a5660\">\n\t<div class=\"acf-innerblocks-container\">\n<div class=\"wp-block-paragraph \">\n<p>La mononucl\u00e9ose, aussi connue sous le nom de mono ou \u00ab maladie du baiser \u00bb, est une infection virale. Le virus d\u2019Epstein-Barr (VEB) ou le cytom\u00e9galovirus (CMV) en sont les causes. <\/p>\n<\/div>\n\n\n<h3 class=\"wp-block-heading\">Comment pouvez-vous l\u2019obtenir?<\/h3>\n\n\n<div class=\"wp-block-paragraph \">\n<p>La mono est transmise par la salive et le contact \u00e9troit avec une personne qui a le virus ou qui se r\u00e9tablit de l\u2019infection. Le virus peut rester dormant et les personnes en bonne sant\u00e9 peuvent le transmettre sans \u00eatre malades ou sans savoir qu\u2019elles sont contagieuses. La mono ne se transmet normalement pas dans l\u2019air ou par le sang.  <\/p>\n<\/div>\n\n<div class=\"wp-block-paragraph \">\n<p>Vous pouvez obtenir Mono en :<\/p>\n<\/div>\n\n<div class=\"wp-block-list\">\n<ul class=\"wp-block-list\">\n<li>Partager des ustensiles ou des tasses avec une personne atteinte du virus<\/li>\n\n\n\n<li>Embrasser quelqu\u2019un qui a le virus<\/li>\n<\/ul>\n<\/div>\n\n<section\n\t class=\"section-header mb-10 align wp-block-acf-section-header\" id=\"section-header_block_50cfbf413b49fc8d9d7ac61e96eb7c32\">\n\t<div class=\"\">\n\t<div class=\"flex flex-col md:flex-row justify-between max-w-content gap-x-8 md:items-end flex-wrap\">\n\t\t<h2 class=\"text-heading-200 pb-[2px]\">\n\t\t\tSympt\u00f4mes\t\t<\/h2>\n\n\t\t\t\t\t<div class=\"md:order-last w-full\">\n\t\t\t\t\n\t<hr class=\"h-[6px] text-red border-red bg-red w-full my-0\" role=\"presentation\"\/>\n\n\t<div class=\"h-divider w-full bg-halftone-divider bg-right\"><\/div>\n\t\t\t<\/div>\n\t\t\n\t\t\t<\/div>\n<\/div>\n<\/section>\n\n\n<div class=\"wp-block-paragraph \">\n<p>La mono se d\u00e9veloppe lentement avec des sympt\u00f4mes similaires \u00e0 la plupart des infections virales; cependant, les sympt\u00f4mes persistent plusieurs semaines plus longtemps que les autres infections :<\/p>\n<\/div>\n\n<div class=\"wp-block-list\">\n<ul class=\"wp-block-list\">\n<li>Fi\u00e8vre<\/li>\n\n\n\n<li>Mal de gorge<\/li>\n\n\n\n<li>Enflure des ganglions lymphatiques (en particulier dans le cou)<\/li>\n\n\n\n<li>La fatigue<\/li>\n\n\n\n<li>Maux de t\u00eate<\/li>\n\n\n\n<li>Douleurs musculaires<\/li>\n\n\n\n<li>Hypertrophie de la rate et\/ou du foie<\/li>\n<\/ul>\n<\/div>\n\n<div class=\"wp-block-paragraph \">\n<p>Le temps pour d\u00e9velopper des sympt\u00f4mes apr\u00e8s avoir contract\u00e9 la monomonoth\u00e9rapie est de 4 \u00e0 6 semaines. La maladie se r\u00e9sout d\u2019elle-m\u00eame, mais la dur\u00e9e varie. Habituellement, la fi\u00e8vre dispara\u00eet en 10 jours. L\u2019enflure des ganglions lymphatiques et de la rate s\u2019am\u00e9liorera en 4 semaines. La fatigue devrait s\u2019att\u00e9nuer en 1 \u00e0 2 mois.    <\/p>\n<\/div>\n\n<div class=\"wp-block-paragraph \">\n<p>Les complications de la monomonoth\u00e9rapie peuvent \u00eatre graves et comprennent :<\/p>\n<\/div>\n\n<div class=\"wp-block-list\">\n<ul class=\"wp-block-list\">\n<li>Inflammation et rupture de la rate<\/li>\n\n\n\n<li>Inflammation du foie avec jaunissement de la peau (jaunisse)<\/li>\n\n\n\n<li>Inflammation des testicules (orchite)<\/li>\n\n\n\n<li>An\u00e9mie<\/li>\n\n\n\n<li>M\u00e9ningite<\/li>\n\n\n\n<li>Le d\u00e9c\u00e8s est rare, mais peut survenir chez les patients dont le syst\u00e8me immunitaire est affaibli<\/li>\n<\/ul>\n<\/div>\n\n<section\n\t class=\"section-header mb-10 align wp-block-acf-section-header\" id=\"section-header_block_4cbbd3ea0c40dbf785151478eebe5ac2\">\n\t<div class=\"\">\n\t<div class=\"flex flex-col md:flex-row justify-between max-w-content gap-x-8 md:items-end flex-wrap\">\n\t\t<h2 class=\"text-heading-200 pb-[2px]\">\n\t\t\tPr\u00e9vention\t\t<\/h2>\n\n\t\t\t\t\t<div class=\"md:order-last w-full\">\n\t\t\t\t\n\t<hr class=\"h-[6px] text-red border-red bg-red w-full my-0\" role=\"presentation\"\/>\n\n\t<div class=\"h-divider w-full bg-halftone-divider bg-right\"><\/div>\n\t\t\t<\/div>\n\t\t\n\t\t\t<\/div>\n<\/div>\n<\/section>\n\n\n<div class=\"wp-block-list\">\n<ul class=\"wp-block-list\">\n<li>Aucune pr\u00e9caution particuli\u00e8re ou proc\u00e9dure d\u2019isolement n\u2019est recommand\u00e9e<\/li>\n\n\n\n<li>Ne partagez pas d\u2019ustensiles ou de tasses sans un lavage ad\u00e9quat<\/li>\n<\/ul>\n<\/div>\n\n<section\n\t class=\"section-header mb-10 align wp-block-acf-section-header\" id=\"section-header_block_54b5d14830fdfab14cffa51d82792eb5\">\n\t<div class=\"\">\n\t<div class=\"flex flex-col md:flex-row justify-between max-w-content gap-x-8 md:items-end flex-wrap\">\n\t\t<h2 class=\"text-heading-200 pb-[2px]\">\n\t\t\tQue devez-vous faire si vous \u00eates expos\u00e9 \u00e0 la maladie ou si vous contractez la maladie?\t\t<\/h2>\n\n\t\t\t\t\t<div class=\"md:order-last w-full\">\n\t\t\t\t\n\t<hr class=\"h-[6px] text-red border-red bg-red w-full my-0\" role=\"presentation\"\/>\n\n\t<div class=\"h-divider w-full bg-halftone-divider bg-right\"><\/div>\n\t\t\t<\/div>\n\t\t\n\t\t\t<\/div>\n<\/div>\n<\/section>\n\n\n<div class=\"wp-block-paragraph \">\n<p>Vous devriez consulter un professionnel de la sant\u00e9 si vous avez une maladie virale typique qui persiste pendant plus de 10 jours. Si des sympt\u00f4mes \u00e9voluent pour inclure des douleurs abdominales, une faiblesse, un jaunissement de la peau, des difficult\u00e9s respiratoires ou une raideur de la nuque, vous devriez consulter imm\u00e9diatement un m\u00e9decin. <\/p>\n<\/div>\n\n<div class=\"wp-block-paragraph \">\n<p>Votre m\u00e9decin diagnostiquera Mono par un examen physique et pourra obtenir des analyses sanguines. Un test de diagnostic rapide appel\u00e9 \u00ab monospot \u00bb est disponible pour confirmation et le test d\u2019anticorps distingue une nouvelle infection d\u2019une infection ant\u00e9rieure. <\/p>\n<\/div>\n\n<div class=\"wp-block-paragraph \">\n<p>Le traitement de la monoth\u00e9rapie consiste \u00e0 faire en sorte que le patient se sente mieux puisqu\u2019il n\u2019existe pas de m\u00e9dicament sp\u00e9cifique pour combattre le virus.<\/p>\n<\/div>\n\n<div class=\"wp-block-list\">\n<ul class=\"wp-block-list\">\n<li>Pour les maux de gorge : gargarisez-vous avec de l\u2019eau chaude sal\u00e9e<\/li>\n\n\n\n<li>Pour la fatigue : reposez-vous suffisamment<\/li>\n\n\n\n<li>Pour la fi\u00e8vre : utilisez de l\u2019ac\u00e9taminoph\u00e8ne ou de l\u2019ibuprof\u00e8ne<\/li>\n\n\n\n<li>Pour les douleurs musculaires : utiliser de l\u2019ac\u00e9taminoph\u00e8ne ou de l\u2019ibuprof\u00e8ne<\/li>\n<\/ul>\n<\/div>\n\n<div class=\"wp-block-paragraph \">\n<p>Les patients ne doivent pas participer \u00e0 des sports de contact si la rate est hypertrophi\u00e9e, car des saignements importants peuvent survenir si la rate est touch\u00e9e et se rompt.<\/p>\n<\/div>\n<\/div><\/section>\n","protected":false},"excerpt":{"rendered":"","protected":false},"featured_media":0,"parent":71457,"menu_order":0,"comment_status":"closed","ping_status":"closed","template":"","meta":{"_acf_changed":false,"_searchwp_excluded":"","inline_featured_image":false,"_EventAllDay":false,"_EventTimezone":"","_EventStartDate":"","_EventEndDate":"","_EventStartDateUTC":"","_EventEndDateUTC":"","_EventShowMap":false,"_EventShowMapLink":false,"_EventURL":"","_EventCost":"","_EventCostDescription":"","_EventCurrencySymbol":"","_EventCurrencyCode":"","_EventCurrencyPosition":"","_EventDateTimeSeparator":"","_EventTimeRangeSeparator":"","_EventOrganizerID":[],"_EventVenueID":[],"_OrganizerEmail":"","_OrganizerPhone":"","_OrganizerWebsite":"","_VenueAddress":"","_VenueCity":"","_VenueCountry":"","_VenueProvince":"","_VenueState":"","_VenueZip":"","_VenuePhone":"","_VenueURL":"","_VenueStateProvince":"","_VenueLat":"","_VenueLng":"","_VenueShowMap":false,"_VenueShowMapLink":false,"footnotes":""},"class_list":["post-97130","page","type-page","status-publish","hentry"],"acf":[],"publishpress_future_workflow_manual_trigger":{"enabledWorkflows":[]},"_links":{"self":[{"href":"https:\/\/www.iaff.org\/fr-ca\/wp-json\/wp\/v2\/pages\/97130","targetHints":{"allow":["GET"]}}],"collection":[{"href":"https:\/\/www.iaff.org\/fr-ca\/wp-json\/wp\/v2\/pages"}],"about":[{"href":"https:\/\/www.iaff.org\/fr-ca\/wp-json\/wp\/v2\/types\/page"}],"author":[{"embeddable":true,"href":"https:\/\/www.iaff.org\/fr-ca\/wp-json\/wp\/v2\/users\/32403"}],"replies":[{"embeddable":true,"href":"https:\/\/www.iaff.org\/fr-ca\/wp-json\/wp\/v2\/comments?post=97130"}],"version-history":[{"count":0,"href":"https:\/\/www.iaff.org\/fr-ca\/wp-json\/wp\/v2\/pages\/97130\/revisions"}],"up":[{"embeddable":true,"href":"https:\/\/www.iaff.org\/fr-ca\/wp-json\/wp\/v2\/pages\/71457"}],"wp:attachment":[{"href":"https:\/\/www.iaff.org\/fr-ca\/wp-json\/wp\/v2\/media?parent=97130"}],"curies":[{"name":"wp","href":"https:\/\/api.w.org\/{rel}","templated":true}]}}

Mononucléose

<section
	 class="secondary-hero align wp-block-acf-secondary-hero" id="secondary-hero_block_4cff52d1df312b88dec6d63d0c35c6d5">
	
<header
	class="w-full u-bg-full-width px-[22px] md:ps-bleed md:pe-0 py-[60px] bg-smoke-5 text-black u-has-rivets u-rivets-dark"
	data-theme="gray"
>
	<div class="flex flex-col !px-0 !max-w-[1440px] w-full lg:!ps-indent">
		<div class="border-t-[6px] w-full my-0 flex flex-col md:flex-row gap-x-[62px] gap-y-[22px] border-red">
						<div class="w-full md:w-1/2 md:py-[45px]">
				<div class="max-w-[600px] flex flex-col gap-[22px]">
											<h1 class="has-[.u-halftone-shadow--dark]:mb-divider has-[.u-halftone-shadow--light]:mb-divider pt-[22px] md:pt-0">
							<span class="inline-flex text-heading-200 u-halftone-shadow--dark">
								Mononucléose							</span>
						</h1>
																													</div>
			</div>

		</div>
					<div class="order-first flex justify-start w-full pb-[22px]">
				<div
	class="wp-block-button is-style-tertiary text-smoke is-style-tertiary-back"
>
			<a
			href="https://www.iaff.org/fr-ca/maladies-infectieuses/maladies/"
			class="wp-block-button__link wp-element-button group"
					>
			<span
			class="decoration-transparent underline underline-offset-2 group-hover:decoration-inherit group-focus-visible:decoration-inherit transition duration-hover"
		>
			Maladies infectieuses		</span>

		<span
			class="bg-inherit transition-colors duration-hover group-hover:bg-gold group-focus:bg-gold inline-flex rotate-180 order-first"
		>
			<svg xmlns="http://www.w3.org/2000/svg" width="21" height="22" fill="none" viewBox="0 0 21 22"><path stroke="currentColor" stroke-linecap="round" stroke-width="2" d="M20 20.75L20 2.25L1.5 2.25L1.5 20.75L20 20.75Z" clip-rule="evenodd"/><path stroke="currentColor" stroke-linecap="square" stroke-width="2" d="M14.0883 11.5L6.66406 11.5"/><path stroke="currentColor" stroke-linecap="square" stroke-width="2" d="M11.0723 7.75205L14.8363 11.5L11.0723 15.248"/></svg>		</span>
	</a></div>
			</div>
			</div>
</header>
</section>
<section
	 class="page-blocks iaff-page-blocks align wp-block-acf-page-blocks" id="page-blocks_block_e83ac2b6fecc833903d1b1d9702a5660">
	<div class="acf-innerblocks-container">
<div class="wp-block-paragraph ">
<p>La mononucléose, aussi connue sous le nom de mono ou « maladie du baiser », est une infection virale. Le virus d’Epstein-Barr (VEB) ou le cytomégalovirus (CMV) en sont les causes. </p>
</div>


<h3 class="wp-block-heading">Comment pouvez-vous l’obtenir?</h3>


<div class="wp-block-paragraph ">
<p>La mono est transmise par la salive et le contact étroit avec une personne qui a le virus ou qui se rétablit de l’infection. Le virus peut rester dormant et les personnes en bonne santé peuvent le transmettre sans être malades ou sans savoir qu’elles sont contagieuses. La mono ne se transmet normalement pas dans l’air ou par le sang.  </p>
</div>

<div class="wp-block-paragraph ">
<p>Vous pouvez obtenir Mono en :</p>
</div>

<div class="wp-block-list">
<ul class="wp-block-list">
<li>Partager des ustensiles ou des tasses avec une personne atteinte du virus</li>



<li>Embrasser quelqu’un qui a le virus</li>
</ul>
</div>

<section
	 class="section-header mb-10 align wp-block-acf-section-header" id="section-header_block_50cfbf413b49fc8d9d7ac61e96eb7c32">
	<div class="">
	<div class="flex flex-col md:flex-row justify-between max-w-content gap-x-8 md:items-end flex-wrap">
		<h2 class="text-heading-200 pb-[2px]">
			Symptômes		</h2>

					<div class="md:order-last w-full">
				
	<hr class="h-[6px] text-red border-red bg-red w-full my-0" role="presentation"/>

	<div class="h-divider w-full bg-halftone-divider bg-right"></div>
			</div>
		
			</div>
</div>
</section>


<div class="wp-block-paragraph ">
<p>La mono se développe lentement avec des symptômes similaires à la plupart des infections virales; cependant, les symptômes persistent plusieurs semaines plus longtemps que les autres infections :</p>
</div>

<div class="wp-block-list">
<ul class="wp-block-list">
<li>Fièvre</li>



<li>Mal de gorge</li>



<li>Enflure des ganglions lymphatiques (en particulier dans le cou)</li>



<li>La fatigue</li>



<li>Maux de tête</li>



<li>Douleurs musculaires</li>



<li>Hypertrophie de la rate et/ou du foie</li>
</ul>
</div>

<div class="wp-block-paragraph ">
<p>Le temps pour développer des symptômes après avoir contracté la monomonothérapie est de 4 à 6 semaines. La maladie se résout d’elle-même, mais la durée varie. Habituellement, la fièvre disparaît en 10 jours. L’enflure des ganglions lymphatiques et de la rate s’améliorera en 4 semaines. La fatigue devrait s’atténuer en 1 à 2 mois.    </p>
</div>

<div class="wp-block-paragraph ">
<p>Les complications de la monomonothérapie peuvent être graves et comprennent :</p>
</div>

<div class="wp-block-list">
<ul class="wp-block-list">
<li>Inflammation et rupture de la rate</li>



<li>Inflammation du foie avec jaunissement de la peau (jaunisse)</li>



<li>Inflammation des testicules (orchite)</li>



<li>Anémie</li>



<li>Méningite</li>



<li>Le décès est rare, mais peut survenir chez les patients dont le système immunitaire est affaibli</li>
</ul>
</div>

<section
	 class="section-header mb-10 align wp-block-acf-section-header" id="section-header_block_4cbbd3ea0c40dbf785151478eebe5ac2">
	<div class="">
	<div class="flex flex-col md:flex-row justify-between max-w-content gap-x-8 md:items-end flex-wrap">
		<h2 class="text-heading-200 pb-[2px]">
			Prévention		</h2>

					<div class="md:order-last w-full">
				
	<hr class="h-[6px] text-red border-red bg-red w-full my-0" role="presentation"/>

	<div class="h-divider w-full bg-halftone-divider bg-right"></div>
			</div>
		
			</div>
</div>
</section>


<div class="wp-block-list">
<ul class="wp-block-list">
<li>Aucune précaution particulière ou procédure d’isolement n’est recommandée</li>



<li>Ne partagez pas d’ustensiles ou de tasses sans un lavage adéquat</li>
</ul>
</div>

<section
	 class="section-header mb-10 align wp-block-acf-section-header" id="section-header_block_54b5d14830fdfab14cffa51d82792eb5">
	<div class="">
	<div class="flex flex-col md:flex-row justify-between max-w-content gap-x-8 md:items-end flex-wrap">
		<h2 class="text-heading-200 pb-[2px]">
			Que devez-vous faire si vous êtes exposé à la maladie ou si vous contractez la maladie?		</h2>

					<div class="md:order-last w-full">
				
	<hr class="h-[6px] text-red border-red bg-red w-full my-0" role="presentation"/>

	<div class="h-divider w-full bg-halftone-divider bg-right"></div>
			</div>
		
			</div>
</div>
</section>


<div class="wp-block-paragraph ">
<p>Vous devriez consulter un professionnel de la santé si vous avez une maladie virale typique qui persiste pendant plus de 10 jours. Si des symptômes évoluent pour inclure des douleurs abdominales, une faiblesse, un jaunissement de la peau, des difficultés respiratoires ou une raideur de la nuque, vous devriez consulter immédiatement un médecin. </p>
</div>

<div class="wp-block-paragraph ">
<p>Votre médecin diagnostiquera Mono par un examen physique et pourra obtenir des analyses sanguines. Un test de diagnostic rapide appelé « monospot » est disponible pour confirmation et le test d’anticorps distingue une nouvelle infection d’une infection antérieure. </p>
</div>

<div class="wp-block-paragraph ">
<p>Le traitement de la monothérapie consiste à faire en sorte que le patient se sente mieux puisqu’il n’existe pas de médicament spécifique pour combattre le virus.</p>
</div>

<div class="wp-block-list">
<ul class="wp-block-list">
<li>Pour les maux de gorge : gargarisez-vous avec de l’eau chaude salée</li>



<li>Pour la fatigue : reposez-vous suffisamment</li>



<li>Pour la fièvre : utilisez de l’acétaminophène ou de l’ibuprofène</li>



<li>Pour les douleurs musculaires : utiliser de l’acétaminophène ou de l’ibuprofène</li>
</ul>
</div>

<div class="wp-block-paragraph ">
<p>Les patients ne doivent pas participer à des sports de contact si la rate est hypertrophiée, car des saignements importants peuvent survenir si la rate est touchée et se rompt.</p>
</div>
</div></section>
