{"id":77702,"date":"2019-04-12T18:46:29","date_gmt":"2019-04-12T22:46:29","guid":{"rendered":"https:\/\/www.iaff.org\/conge-de-maladie-lie-a-lemploi\/"},"modified":"2025-06-23T15:38:00","modified_gmt":"2025-06-23T19:38:00","slug":"conge-de-maladie-lie-a-lemploi","status":"publish","type":"page","link":"https:\/\/www.iaff.org\/fr-ca\/conge-de-maladie-lie-a-lemploi\/","title":{"rendered":"Cong\u00e9 de maladie li\u00e9 \u00e0 l\u2019emploi"},"content":{"rendered":"","protected":false},"excerpt":{"rendered":"<p>Les clauses de cong\u00e9 pour raisons m\u00e9dicales li\u00e9es \u00e0 l\u2019emploi sont n\u00e9goci\u00e9es pour assurer le maintien de toutes les r\u00e9mun\u00e9rations et avantages sociaux pr\u00e9vus par contrat pendant la p\u00e9riode de [&hellip;]<\/p>\n","protected":false},"featured_media":0,"parent":0,"menu_order":0,"comment_status":"closed","ping_status":"closed","template":"","meta":{"_acf_changed":false,"_searchwp_excluded":"","inline_featured_image":false,"_EventAllDay":false,"_EventTimezone":"","_EventStartDate":"","_EventEndDate":"","_EventStartDateUTC":"","_EventEndDateUTC":"","_EventShowMap":false,"_EventShowMapLink":false,"_EventURL":"","_EventCost":"","_EventCostDescription":"","_EventCurrencySymbol":"","_EventCurrencyCode":"","_EventCurrencyPosition":"","_EventDateTimeSeparator":"","_EventTimeRangeSeparator":"","_EventOrganizerID":[],"_EventVenueID":[],"_OrganizerEmail":"","_OrganizerPhone":"","_OrganizerWebsite":"","_VenueAddress":"","_VenueCity":"","_VenueCountry":"","_VenueProvince":"","_VenueState":"","_VenueZip":"","_VenuePhone":"","_VenueURL":"","_VenueStateProvince":"","_VenueLat":"","_VenueLng":"","_VenueShowMap":false,"_VenueShowMapLink":false,"footnotes":""},"class_list":["post-77702","page","type-page","status-publish","hentry"],"acf":[],"publishpress_future_workflow_manual_trigger":{"enabledWorkflows":[]},"_links":{"self":[{"href":"https:\/\/www.iaff.org\/fr-ca\/wp-json\/wp\/v2\/pages\/77702","targetHints":{"allow":["GET"]}}],"collection":[{"href":"https:\/\/www.iaff.org\/fr-ca\/wp-json\/wp\/v2\/pages"}],"about":[{"href":"https:\/\/www.iaff.org\/fr-ca\/wp-json\/wp\/v2\/types\/page"}],"author":[{"embeddable":true,"href":"https:\/\/www.iaff.org\/fr-ca\/wp-json\/wp\/v2\/users\/1"}],"replies":[{"embeddable":true,"href":"https:\/\/www.iaff.org\/fr-ca\/wp-json\/wp\/v2\/comments?post=77702"}],"version-history":[{"count":0,"href":"https:\/\/www.iaff.org\/fr-ca\/wp-json\/wp\/v2\/pages\/77702\/revisions"}],"wp:attachment":[{"href":"https:\/\/www.iaff.org\/fr-ca\/wp-json\/wp\/v2\/media?parent=77702"}],"curies":[{"name":"wp","href":"https:\/\/api.w.org\/{rel}","templated":true}]}}

Congé de maladie lié à l’emploi

<p>Les clauses de congé pour raisons médicales liées à l’emploi sont négociées pour assurer le maintien de toutes les rémunérations et avantages sociaux prévus par contrat pendant la période de [&hellip;]</p>
