{"id":77693,"date":"2019-04-12T18:40:41","date_gmt":"2019-04-12T22:40:41","guid":{"rendered":"https:\/\/www.iaff.org\/conges-payes-en-heures-travaillees-pour-les-heures-supplementaires\/"},"modified":"2025-06-24T09:28:47","modified_gmt":"2025-06-24T13:28:47","slug":"conges-payes-en-heures-travaillees-pour-les-heures-supplementaires","status":"publish","type":"page","link":"https:\/\/www.iaff.org\/fr-ca\/conges-payes-en-heures-travaillees-pour-les-heures-supplementaires\/","title":{"rendered":"Cong\u00e9s pay\u00e9s en heures suppl\u00e9mentaires"},"content":{"rendered":"","protected":false},"excerpt":{"rendered":"<p>\u00c9chantillon 1 : Les heures suppl\u00e9mentaires sont d\u00e9finies comme toutes les heures travaill\u00e9es en sus de la semaine normale de travail. Toutes les heures suppl\u00e9mentaires doivent \u00eatre d\u00e9clar\u00e9es par tranches [&hellip;]<\/p>\n","protected":false},"featured_media":0,"parent":0,"menu_order":0,"comment_status":"closed","ping_status":"closed","template":"","meta":{"_acf_changed":false,"_searchwp_excluded":"","inline_featured_image":false,"_EventAllDay":false,"_EventTimezone":"","_EventStartDate":"","_EventEndDate":"","_EventStartDateUTC":"","_EventEndDateUTC":"","_EventShowMap":false,"_EventShowMapLink":false,"_EventURL":"","_EventCost":"","_EventCostDescription":"","_EventCurrencySymbol":"","_EventCurrencyCode":"","_EventCurrencyPosition":"","_EventDateTimeSeparator":"","_EventTimeRangeSeparator":"","_EventOrganizerID":[],"_EventVenueID":[],"_OrganizerEmail":"","_OrganizerPhone":"","_OrganizerWebsite":"","_VenueAddress":"","_VenueCity":"","_VenueCountry":"","_VenueProvince":"","_VenueState":"","_VenueZip":"","_VenuePhone":"","_VenueURL":"","_VenueStateProvince":"","_VenueLat":"","_VenueLng":"","_VenueShowMap":false,"_VenueShowMapLink":false,"footnotes":""},"class_list":["post-77693","page","type-page","status-publish","hentry"],"acf":[],"publishpress_future_workflow_manual_trigger":{"enabledWorkflows":[]},"_links":{"self":[{"href":"https:\/\/www.iaff.org\/fr-ca\/wp-json\/wp\/v2\/pages\/77693","targetHints":{"allow":["GET"]}}],"collection":[{"href":"https:\/\/www.iaff.org\/fr-ca\/wp-json\/wp\/v2\/pages"}],"about":[{"href":"https:\/\/www.iaff.org\/fr-ca\/wp-json\/wp\/v2\/types\/page"}],"author":[{"embeddable":true,"href":"https:\/\/www.iaff.org\/fr-ca\/wp-json\/wp\/v2\/users\/1"}],"replies":[{"embeddable":true,"href":"https:\/\/www.iaff.org\/fr-ca\/wp-json\/wp\/v2\/comments?post=77693"}],"version-history":[{"count":0,"href":"https:\/\/www.iaff.org\/fr-ca\/wp-json\/wp\/v2\/pages\/77693\/revisions"}],"wp:attachment":[{"href":"https:\/\/www.iaff.org\/fr-ca\/wp-json\/wp\/v2\/media?parent=77693"}],"curies":[{"name":"wp","href":"https:\/\/api.w.org\/{rel}","templated":true}]}}

Congés payés en heures supplémentaires

<p>Échantillon 1 : Les heures supplémentaires sont définies comme toutes les heures travaillées en sus de la semaine normale de travail. Toutes les heures supplémentaires doivent être déclarées par tranches [&hellip;]</p>
