{"id":77578,"date":"2019-07-10T15:26:14","date_gmt":"2019-07-10T19:26:14","guid":{"rendered":"https:\/\/www.iaff.org\/salaires-et-avantages-sociaux\/securite-de-la-retraite\/"},"modified":"2025-11-21T12:10:10","modified_gmt":"2025-11-21T17:10:10","slug":"securite-de-la-retraite","status":"publish","type":"page","link":"https:\/\/www.iaff.org\/fr-ca\/salaires-et-avantages-sociaux\/securite-de-la-retraite\/","title":{"rendered":"S\u00e9curit\u00e9 \u00e0 la retraite"},"content":{"rendered":"<section\n\t class=\"secondary-hero align wp-block-acf-secondary-hero\" id=\"secondary-hero_block_3bf2e42421d11420a19fc11f03ace7e0\">\n\t\n<header\n\tclass=\"w-full u-bg-full-width px-[22px] md:ps-bleed md:pe-0 py-[60px] bg-blue text-white u-has-rivets\"\n\tdata-theme=\"navy\"\n>\n\t<div class=\"flex flex-col !px-0 !max-w-[1440px] w-full lg:!ps-indent\">\n\t\t<div class=\"border-t-[6px] w-full my-0 flex flex-col md:flex-row gap-x-[62px] gap-y-[22px] border-gold\">\n\t\t\t\t\t\t\t<div class=\"relative grid md:order-last md:w-1\/2 overflow-hidden place-items-center aspect-[157\/105]\">\n\t\t\t\t\t<img decoding=\"async\" width=\"1200\" height=\"800\" src=\"https:\/\/www.iaff.org\/wp-content\/uploads\/2024\/03\/29051287-copy-1200x800.jpg\" class=\"absolute object-cover min-w-full h-full\" alt=\"\" srcset=\"https:\/\/www.iaff.org\/wp-content\/uploads\/2024\/03\/29051287-copy-1200x800.jpg 1200w, https:\/\/www.iaff.org\/wp-content\/uploads\/2024\/03\/29051287-copy-300x200.jpg 300w, https:\/\/www.iaff.org\/wp-content\/uploads\/2024\/03\/29051287-copy-1024x683.jpg 1024w, https:\/\/www.iaff.org\/wp-content\/uploads\/2024\/03\/29051287-copy-768x512.jpg 768w, https:\/\/www.iaff.org\/wp-content\/uploads\/2024\/03\/29051287-copy-1536x1024.jpg 1536w, https:\/\/www.iaff.org\/wp-content\/uploads\/2024\/03\/29051287-copy-2048x1365.jpg 2048w, https:\/\/www.iaff.org\/wp-content\/uploads\/2024\/03\/29051287-copy-240x160.jpg 240w, https:\/\/www.iaff.org\/wp-content\/uploads\/2024\/03\/29051287-copy-1215x810.jpg 1215w\" sizes=\"(max-width: 1200px) 100vw, 1200px\" \/>\t\t\t\t<\/div>\n\t\t\t\t\t\t<div class=\"w-full md:w-1\/2 md:py-[45px]\">\n\t\t\t\t<div class=\"max-w-[600px] flex flex-col gap-[22px]\">\n\t\t\t\t\t\t\t\t\t\t\t<h1 class=\"has-[.u-halftone-shadow--dark]:mb-divider has-[.u-halftone-shadow--light]:mb-divider\">\n\t\t\t\t\t\t\t<span class=\"inline-flex text-heading-200 u-halftone-shadow--light\">\n\t\t\t\t\t\t\t\tS\u00e9curit\u00e9 \u00e0 la retraite\t\t\t\t\t\t\t<\/span>\n\t\t\t\t\t\t<\/h1>\n\t\t\t\t\t\t\t\t\t\t\t\t\t\t\t\t<div class=\"text-body-300 font-sans\">\n\t\t\t\t\t\t\t<p>La mission de l\u2019AIP est de veiller \u00e0 ce que les pompiers de toute l\u2019Am\u00e9rique du Nord aient une retraite digne et s\u00fbre. Naviguer dans les syst\u00e8mes de retraite et choisir les avantages sociaux peut \u00eatre intimidant. Renseignez-vous sur les programmes de ressources pour les r\u00e9gimes de retraite, l\u2019aide aux avantages sociaux et les lois sur lesquelles nous travaillons pour prot\u00e9ger votre retraite.    <\/p>\n\t\t\t\t\t\t<\/div>\n\t\t\t\t\t\t\t\t\t\t\t\t\t\t\t\t\t\t\t\t\t\t\t\t<\/div>\n\t\t\t<\/div>\n\n\t\t<\/div>\n\t\t\t<\/div>\n<\/header>\n<\/section>\n<section\n\t class=\"page-blocks iaff-page-blocks align wp-block-acf-page-blocks\" id=\"page-blocks_block_b3d053393afd74f6ae2ed2fb9303aeea\">\n\t<div class=\"acf-innerblocks-container\">\n<section\n\t class=\"card-grid pt-5 align wp-block-acf-card-grid\" id=\"card-grid_block_a63937fc945248acb5efe03d34b98f9b\">\n\t\n\t<div class=\"iaff-card-grid md:px-indent\">\n\t\t\t\t<div class=\"acf-innerblocks-container\">\n<article\n\t class=\"link-card flex align wp-block-acf-link-card\" id=\"link-card_block_d9c86f6d567d00b8407e5630ced9cecc\">\n\t<a href=\"https:\/\/www.iaff.org\/fr-ca\/salaires-et-avantages-sociaux\/securite-de-la-retraite\/ressources-relatives-aux-regimes-de-retraite\/\" target=\"_blank\" class=\"p-0 flex flex-col w-full h-full group no-underline\">\t<div class=\"bg-halftone-dark p-3 min-h-divider w-full grid place-items-center\"><\/div>\n\t<div class=\"relative px-10 py-9 bg-smoke\/5 text-body-500 flex flex-col gap-card-gap flex-1 transition duration-hover group-hover:bg-white\">\n\t\t\t\t\t<h4 class=\"text-heading-400-serif\">\n\t\t\t\tRessources de retraite\t\t\t<\/h4>\n\t\t\t\t<div class=\"relative flex flex-col flex-1 gap-card-gap text-body-500 justify-start min-h-[120px]\">\n\t\t\t\t\t\t\t\t\t\t<div class=\"flex-grow-1 text-body-500\">\n\t\t\t\t\tNaviguer dans les syst\u00e8mes de retraite et choisir les avantages sociaux peut \u00eatre intimidant. Acc\u00e9dez aux ressources du programme de retraite, y compris le manuel de pension de l\u2019IAFF et le glossaire.\t\t\t\t<\/div>\n\t\t\t\t\t\t\t\t\t\t<div class=\"mt-auto group-hover\">\n\t\t\t\t\t<!-- Renders the same as core\/button with a specific style -->\n\t<div>\n\t\t\t\t\t<div\n\t\t\t\tclass=\"inline-flex gap-[16px] items-center text-inherit text-button-300 decoration-transparent underline underline-offset-2 transition-colors duration-hover group-hover:decoration-current group-focus-visible:decoration-current\"\n\t\t\t>\n\t\t\t\t<span>\n\t\t\t\t\tEn savoir plus\t\t\t\t<\/span>\n\t\t\t\t<svg xmlns=\"http:\/\/www.w3.org\/2000\/svg\" width=\"15\" height=\"15\" fill=\"none\" viewBox=\"0 0 15 15\"><path stroke=\"currentColor\" stroke-linecap=\"square\" stroke-width=\"2\" d=\"M11.6347 7.49976L1 7.49976\"\/><path stroke=\"currentColor\" stroke-linecap=\"square\" stroke-width=\"2\" d=\"M7.31445 2.13138L12.7061 7.50014L7.31445 12.8689\"\/><\/svg>\t\t\t<\/div>\n\t\t\t<\/div>\n\t\t\t\t<\/div>\n\t\t\t\t\t<\/div>\n\t<\/div>\n\t<\/a><\/article>\n\n\n<article\n\t class=\"link-card flex align wp-block-acf-link-card\" id=\"link-card_block_4c32babf7d38c4c0248957fc2466ee05\">\n\t<a href=\"https:\/\/www.iaff.org\/fr-ca\/salaires-et-avantages-sociaux\/securite-de-la-retraite\/amelioration-des-soins-de-sante-pour-les-agents-locaux-de-la-securite-publique-helps\/\" target=\"_blank\" class=\"p-0 flex flex-col w-full h-full group no-underline\">\t<div class=\"bg-halftone-dark p-3 min-h-divider w-full grid place-items-center\"><\/div>\n\t<div class=\"relative px-10 py-9 bg-smoke\/5 text-body-500 flex flex-col gap-card-gap flex-1 transition duration-hover group-hover:bg-white\">\n\t\t\t\t\t<h4 class=\"text-heading-400-serif\">\n\t\t\t\tAIDE\t\t\t<\/h4>\n\t\t\t\t<div class=\"relative flex flex-col flex-1 gap-card-gap text-body-500 justify-start min-h-[120px]\">\n\t\t\t\t\t\t\t\t\t\t<div class=\"flex-grow-1 text-body-500\">\n\t\t\t\t\tL\u2019IAFF a remport\u00e9 une victoire sans pr\u00e9c\u00e9dent au Congr\u00e8s avec l\u2019adoption de la loi sur l\u2019am\u00e9lioration des soins de sant\u00e9 pour les agents locaux de la s\u00e9curit\u00e9 publique (HELPS). En vertu de ce r\u00e9gime, les retrait\u00e9s peuvent recevoir une distribution exon\u00e9r\u00e9e d\u2019imp\u00f4t allant jusqu\u2019\u00e0 3 000 $ provenant des r\u00e9gimes de retraite pour aider \u00e0 payer les primes d\u2019assurance maladie ou de soins de longue dur\u00e9e. \t\t\t\t<\/div>\n\t\t\t\t\t\t\t\t\t\t<div class=\"mt-auto group-hover\">\n\t\t\t\t\t<!-- Renders the same as core\/button with a specific style -->\n\t<div>\n\t\t\t\t\t<div\n\t\t\t\tclass=\"inline-flex gap-[16px] items-center text-inherit text-button-300 decoration-transparent underline underline-offset-2 transition-colors duration-hover group-hover:decoration-current group-focus-visible:decoration-current\"\n\t\t\t>\n\t\t\t\t<span>\n\t\t\t\t\tEn savoir plus\t\t\t\t<\/span>\n\t\t\t\t<svg xmlns=\"http:\/\/www.w3.org\/2000\/svg\" width=\"15\" height=\"15\" fill=\"none\" viewBox=\"0 0 15 15\"><path stroke=\"currentColor\" stroke-linecap=\"square\" stroke-width=\"2\" d=\"M11.6347 7.49976L1 7.49976\"\/><path stroke=\"currentColor\" stroke-linecap=\"square\" stroke-width=\"2\" d=\"M7.31445 2.13138L12.7061 7.50014L7.31445 12.8689\"\/><\/svg>\t\t\t<\/div>\n\t\t\t<\/div>\n\t\t\t\t<\/div>\n\t\t\t\t\t<\/div>\n\t<\/div>\n\t<\/a><\/article>\n\n\n<article\n\t class=\"link-card flex align wp-block-acf-link-card\" id=\"link-card_block_783249e55f9d36d6b797c99415f78e07\">\n\t<a href=\"https:\/\/www.iaff.org\/fr-ca\/news\/les-membres-retraites-de-laip-voient-pleinement-limpact-de-labrogation-des-wep-gpo\/\" target=\"_blank\" class=\"p-0 flex flex-col w-full h-full group no-underline\">\t<div class=\"bg-halftone-dark p-3 min-h-divider w-full grid place-items-center\"><\/div>\n\t<div class=\"relative px-10 py-9 bg-smoke\/5 text-body-500 flex flex-col gap-card-gap flex-1 transition duration-hover group-hover:bg-white\">\n\t\t\t\t\t<h4 class=\"text-heading-400-serif\">\n\t\t\t\tWEP\/GPO\t\t\t<\/h4>\n\t\t\t\t<div class=\"relative flex flex-col flex-1 gap-card-gap text-body-500 justify-start min-h-[120px]\">\n\t\t\t\t\t\t\t\t\t\t<div class=\"flex-grow-1 text-body-500\">\n\t\t\t\t\tEn 2024, l\u2019IAFF a remport\u00e9 une victoire l\u00e9gislative historique en obtenant l\u2019abrogation compl\u00e8te du WEP et du GPO gr\u00e2ce \u00e0 la Loi sur l\u2019\u00e9quit\u00e9 de la s\u00e9curit\u00e9 sociale. Pendant des d\u00e9cennies, cette disposition a injustement vol\u00e9 les prestations de la S\u00e9curit\u00e9 sociale que les pompiers retrait\u00e9s avaient gagn\u00e9es et pay\u00e9es.   \t\t\t\t<\/div>\n\t\t\t\t\t\t\t\t\t\t<div class=\"mt-auto group-hover\">\n\t\t\t\t\t<!-- Renders the same as core\/button with a specific style -->\n\t<div>\n\t\t\t\t\t<div\n\t\t\t\tclass=\"inline-flex gap-[16px] items-center text-inherit text-button-300 decoration-transparent underline underline-offset-2 transition-colors duration-hover group-hover:decoration-current group-focus-visible:decoration-current\"\n\t\t\t>\n\t\t\t\t<span>\n\t\t\t\t\tEn savoir plus\t\t\t\t<\/span>\n\t\t\t\t<svg xmlns=\"http:\/\/www.w3.org\/2000\/svg\" width=\"15\" height=\"15\" fill=\"none\" viewBox=\"0 0 15 15\"><path stroke=\"currentColor\" stroke-linecap=\"square\" stroke-width=\"2\" d=\"M11.6347 7.49976L1 7.49976\"\/><path stroke=\"currentColor\" stroke-linecap=\"square\" stroke-width=\"2\" d=\"M7.31445 2.13138L12.7061 7.50014L7.31445 12.8689\"\/><\/svg>\t\t\t<\/div>\n\t\t\t<\/div>\n\t\t\t\t<\/div>\n\t\t\t\t\t<\/div>\n\t<\/div>\n\t<\/a><\/article>\n\n<\/div>\t<\/div>\n\n\t\n<\/section>\n\n<\/div><\/section>\n","protected":false},"excerpt":{"rendered":"","protected":false},"featured_media":0,"parent":72394,"menu_order":0,"comment_status":"closed","ping_status":"closed","template":"","meta":{"_acf_changed":false,"_searchwp_excluded":"","inline_featured_image":false,"_EventAllDay":false,"_EventTimezone":"","_EventStartDate":"","_EventEndDate":"","_EventStartDateUTC":"","_EventEndDateUTC":"","_EventShowMap":false,"_EventShowMapLink":false,"_EventURL":"","_EventCost":"","_EventCostDescription":"","_EventCurrencySymbol":"","_EventCurrencyCode":"","_EventCurrencyPosition":"","_EventDateTimeSeparator":"","_EventTimeRangeSeparator":"","_EventOrganizerID":[],"_EventVenueID":[],"_OrganizerEmail":"","_OrganizerPhone":"","_OrganizerWebsite":"","_VenueAddress":"","_VenueCity":"","_VenueCountry":"","_VenueProvince":"","_VenueState":"","_VenueZip":"","_VenuePhone":"","_VenueURL":"","_VenueStateProvince":"","_VenueLat":"","_VenueLng":"","_VenueShowMap":false,"_VenueShowMapLink":false,"footnotes":""},"class_list":["post-77578","page","type-page","status-publish","hentry"],"acf":[],"publishpress_future_workflow_manual_trigger":{"enabledWorkflows":[]},"_links":{"self":[{"href":"https:\/\/www.iaff.org\/fr-ca\/wp-json\/wp\/v2\/pages\/77578","targetHints":{"allow":["GET"]}}],"collection":[{"href":"https:\/\/www.iaff.org\/fr-ca\/wp-json\/wp\/v2\/pages"}],"about":[{"href":"https:\/\/www.iaff.org\/fr-ca\/wp-json\/wp\/v2\/types\/page"}],"author":[{"embeddable":true,"href":"https:\/\/www.iaff.org\/fr-ca\/wp-json\/wp\/v2\/users\/5"}],"replies":[{"embeddable":true,"href":"https:\/\/www.iaff.org\/fr-ca\/wp-json\/wp\/v2\/comments?post=77578"}],"version-history":[{"count":0,"href":"https:\/\/www.iaff.org\/fr-ca\/wp-json\/wp\/v2\/pages\/77578\/revisions"}],"up":[{"embeddable":true,"href":"https:\/\/www.iaff.org\/fr-ca\/wp-json\/wp\/v2\/pages\/72394"}],"wp:attachment":[{"href":"https:\/\/www.iaff.org\/fr-ca\/wp-json\/wp\/v2\/media?parent=77578"}],"curies":[{"name":"wp","href":"https:\/\/api.w.org\/{rel}","templated":true}]}}

Sécurité à la retraite

<section
	 class="secondary-hero align wp-block-acf-secondary-hero" id="secondary-hero_block_3bf2e42421d11420a19fc11f03ace7e0">
	
<header
	class="w-full u-bg-full-width px-[22px] md:ps-bleed md:pe-0 py-[60px] bg-blue text-white u-has-rivets"
	data-theme="navy"
>
	<div class="flex flex-col !px-0 !max-w-[1440px] w-full lg:!ps-indent">
		<div class="border-t-[6px] w-full my-0 flex flex-col md:flex-row gap-x-[62px] gap-y-[22px] border-gold">
							<div class="relative grid md:order-last md:w-1/2 overflow-hidden place-items-center aspect-[157/105]">
					<img decoding="async" width="1200" height="800" src="https://www.iaff.org/wp-content/uploads/2024/03/29051287-copy-1200x800.jpg" class="absolute object-cover min-w-full h-full" alt="" srcset="https://www.iaff.org/wp-content/uploads/2024/03/29051287-copy-1200x800.jpg 1200w, https://www.iaff.org/wp-content/uploads/2024/03/29051287-copy-300x200.jpg 300w, https://www.iaff.org/wp-content/uploads/2024/03/29051287-copy-1024x683.jpg 1024w, https://www.iaff.org/wp-content/uploads/2024/03/29051287-copy-768x512.jpg 768w, https://www.iaff.org/wp-content/uploads/2024/03/29051287-copy-1536x1024.jpg 1536w, https://www.iaff.org/wp-content/uploads/2024/03/29051287-copy-2048x1365.jpg 2048w, https://www.iaff.org/wp-content/uploads/2024/03/29051287-copy-240x160.jpg 240w, https://www.iaff.org/wp-content/uploads/2024/03/29051287-copy-1215x810.jpg 1215w" sizes="(max-width: 1200px) 100vw, 1200px" />				</div>
						<div class="w-full md:w-1/2 md:py-[45px]">
				<div class="max-w-[600px] flex flex-col gap-[22px]">
											<h1 class="has-[.u-halftone-shadow--dark]:mb-divider has-[.u-halftone-shadow--light]:mb-divider">
							<span class="inline-flex text-heading-200 u-halftone-shadow--light">
								Sécurité à la retraite							</span>
						</h1>
																<div class="text-body-300 font-sans">
							<p>La mission de l’AIP est de veiller à ce que les pompiers de toute l’Amérique du Nord aient une retraite digne et sûre. Naviguer dans les systèmes de retraite et choisir les avantages sociaux peut être intimidant. Renseignez-vous sur les programmes de ressources pour les régimes de retraite, l’aide aux avantages sociaux et les lois sur lesquelles nous travaillons pour protéger votre retraite.    </p>
						</div>
																								</div>
			</div>

		</div>
			</div>
</header>
</section>
<section
	 class="page-blocks iaff-page-blocks align wp-block-acf-page-blocks" id="page-blocks_block_b3d053393afd74f6ae2ed2fb9303aeea">
	<div class="acf-innerblocks-container">
<section
	 class="card-grid pt-5 align wp-block-acf-card-grid" id="card-grid_block_a63937fc945248acb5efe03d34b98f9b">
	
	<div class="iaff-card-grid md:px-indent">
				<div class="acf-innerblocks-container">
<article
	 class="link-card flex align wp-block-acf-link-card" id="link-card_block_d9c86f6d567d00b8407e5630ced9cecc">
	<a href="https://www.iaff.org/fr-ca/salaires-et-avantages-sociaux/securite-de-la-retraite/ressources-relatives-aux-regimes-de-retraite/" target="_blank" class="p-0 flex flex-col w-full h-full group no-underline">	<div class="bg-halftone-dark p-3 min-h-divider w-full grid place-items-center"></div>
	<div class="relative px-10 py-9 bg-smoke/5 text-body-500 flex flex-col gap-card-gap flex-1 transition duration-hover group-hover:bg-white">
					<h4 class="text-heading-400-serif">
				Ressources de retraite			</h4>
				<div class="relative flex flex-col flex-1 gap-card-gap text-body-500 justify-start min-h-[120px]">
										<div class="flex-grow-1 text-body-500">
					Naviguer dans les systèmes de retraite et choisir les avantages sociaux peut être intimidant. Accédez aux ressources du programme de retraite, y compris le manuel de pension de l’IAFF et le glossaire.				</div>
										<div class="mt-auto group-hover">
					<!-- Renders the same as core/button with a specific style -->
	<div>
					<div
				class="inline-flex gap-[16px] items-center text-inherit text-button-300 decoration-transparent underline underline-offset-2 transition-colors duration-hover group-hover:decoration-current group-focus-visible:decoration-current"
			>
				<span>
					En savoir plus				</span>
				<svg xmlns="http://www.w3.org/2000/svg" width="15" height="15" fill="none" viewBox="0 0 15 15"><path stroke="currentColor" stroke-linecap="square" stroke-width="2" d="M11.6347 7.49976L1 7.49976"/><path stroke="currentColor" stroke-linecap="square" stroke-width="2" d="M7.31445 2.13138L12.7061 7.50014L7.31445 12.8689"/></svg>			</div>
			</div>
				</div>
					</div>
	</div>
	</a></article>


<article
	 class="link-card flex align wp-block-acf-link-card" id="link-card_block_4c32babf7d38c4c0248957fc2466ee05">
	<a href="https://www.iaff.org/fr-ca/salaires-et-avantages-sociaux/securite-de-la-retraite/amelioration-des-soins-de-sante-pour-les-agents-locaux-de-la-securite-publique-helps/" target="_blank" class="p-0 flex flex-col w-full h-full group no-underline">	<div class="bg-halftone-dark p-3 min-h-divider w-full grid place-items-center"></div>
	<div class="relative px-10 py-9 bg-smoke/5 text-body-500 flex flex-col gap-card-gap flex-1 transition duration-hover group-hover:bg-white">
					<h4 class="text-heading-400-serif">
				AIDE			</h4>
				<div class="relative flex flex-col flex-1 gap-card-gap text-body-500 justify-start min-h-[120px]">
										<div class="flex-grow-1 text-body-500">
					L’IAFF a remporté une victoire sans précédent au Congrès avec l’adoption de la loi sur l’amélioration des soins de santé pour les agents locaux de la sécurité publique (HELPS). En vertu de ce régime, les retraités peuvent recevoir une distribution exonérée d’impôt allant jusqu’à 3 000 $ provenant des régimes de retraite pour aider à payer les primes d’assurance maladie ou de soins de longue durée. 				</div>
										<div class="mt-auto group-hover">
					<!-- Renders the same as core/button with a specific style -->
	<div>
					<div
				class="inline-flex gap-[16px] items-center text-inherit text-button-300 decoration-transparent underline underline-offset-2 transition-colors duration-hover group-hover:decoration-current group-focus-visible:decoration-current"
			>
				<span>
					En savoir plus				</span>
				<svg xmlns="http://www.w3.org/2000/svg" width="15" height="15" fill="none" viewBox="0 0 15 15"><path stroke="currentColor" stroke-linecap="square" stroke-width="2" d="M11.6347 7.49976L1 7.49976"/><path stroke="currentColor" stroke-linecap="square" stroke-width="2" d="M7.31445 2.13138L12.7061 7.50014L7.31445 12.8689"/></svg>			</div>
			</div>
				</div>
					</div>
	</div>
	</a></article>


<article
	 class="link-card flex align wp-block-acf-link-card" id="link-card_block_783249e55f9d36d6b797c99415f78e07">
	<a href="https://www.iaff.org/fr-ca/news/les-membres-retraites-de-laip-voient-pleinement-limpact-de-labrogation-des-wep-gpo/" target="_blank" class="p-0 flex flex-col w-full h-full group no-underline">	<div class="bg-halftone-dark p-3 min-h-divider w-full grid place-items-center"></div>
	<div class="relative px-10 py-9 bg-smoke/5 text-body-500 flex flex-col gap-card-gap flex-1 transition duration-hover group-hover:bg-white">
					<h4 class="text-heading-400-serif">
				WEP/GPO			</h4>
				<div class="relative flex flex-col flex-1 gap-card-gap text-body-500 justify-start min-h-[120px]">
										<div class="flex-grow-1 text-body-500">
					En 2024, l’IAFF a remporté une victoire législative historique en obtenant l’abrogation complète du WEP et du GPO grâce à la Loi sur l’équité de la sécurité sociale. Pendant des décennies, cette disposition a injustement volé les prestations de la Sécurité sociale que les pompiers retraités avaient gagnées et payées.   				</div>
										<div class="mt-auto group-hover">
					<!-- Renders the same as core/button with a specific style -->
	<div>
					<div
				class="inline-flex gap-[16px] items-center text-inherit text-button-300 decoration-transparent underline underline-offset-2 transition-colors duration-hover group-hover:decoration-current group-focus-visible:decoration-current"
			>
				<span>
					En savoir plus				</span>
				<svg xmlns="http://www.w3.org/2000/svg" width="15" height="15" fill="none" viewBox="0 0 15 15"><path stroke="currentColor" stroke-linecap="square" stroke-width="2" d="M11.6347 7.49976L1 7.49976"/><path stroke="currentColor" stroke-linecap="square" stroke-width="2" d="M7.31445 2.13138L12.7061 7.50014L7.31445 12.8689"/></svg>			</div>
			</div>
				</div>
					</div>
	</div>
	</a></article>

</div>	</div>

	
</section>

</div></section>
