{"id":77554,"date":"2019-04-12T21:21:24","date_gmt":"2019-04-13T01:21:24","guid":{"rendered":"https:\/\/www.iaff.org\/maladie-a-heures-de-travail-poste-heures-par-an\/"},"modified":"2025-06-24T11:52:42","modified_gmt":"2025-06-24T15:52:42","slug":"maladie-a-heures-de-travail-poste-heures-par-an","status":"publish","type":"page","link":"https:\/\/www.iaff.org\/fr-ca\/maladie-a-heures-de-travail-poste-heures-par-an\/","title":{"rendered":"Maladie : a) Nombre d\u2019heures de travail : heures par an"},"content":{"rendered":"","protected":false},"excerpt":{"rendered":"<p>Les droits aux cong\u00e9s de maladie et la protection pendant la p\u00e9riode o\u00f9 l\u2019employ\u00e9 doit \u00eatre sans travail sont pr\u00e9cis\u00e9s dans la convention collective. Mod\u00e8le de contrat libell\u00e9 : [S\u00e9lectionnez [&hellip;]<\/p>\n","protected":false},"featured_media":0,"parent":0,"menu_order":0,"comment_status":"closed","ping_status":"closed","template":"","meta":{"_acf_changed":false,"_searchwp_excluded":"","inline_featured_image":false,"_EventAllDay":false,"_EventTimezone":"","_EventStartDate":"","_EventEndDate":"","_EventStartDateUTC":"","_EventEndDateUTC":"","_EventShowMap":false,"_EventShowMapLink":false,"_EventURL":"","_EventCost":"","_EventCostDescription":"","_EventCurrencySymbol":"","_EventCurrencyCode":"","_EventCurrencyPosition":"","_EventDateTimeSeparator":"","_EventTimeRangeSeparator":"","_EventOrganizerID":[],"_EventVenueID":[],"_OrganizerEmail":"","_OrganizerPhone":"","_OrganizerWebsite":"","_VenueAddress":"","_VenueCity":"","_VenueCountry":"","_VenueProvince":"","_VenueState":"","_VenueZip":"","_VenuePhone":"","_VenueURL":"","_VenueStateProvince":"","_VenueLat":"","_VenueLng":"","_VenueShowMap":false,"_VenueShowMapLink":false,"footnotes":""},"class_list":["post-77554","page","type-page","status-publish","hentry"],"acf":[],"publishpress_future_workflow_manual_trigger":{"enabledWorkflows":[]},"_links":{"self":[{"href":"https:\/\/www.iaff.org\/fr-ca\/wp-json\/wp\/v2\/pages\/77554","targetHints":{"allow":["GET"]}}],"collection":[{"href":"https:\/\/www.iaff.org\/fr-ca\/wp-json\/wp\/v2\/pages"}],"about":[{"href":"https:\/\/www.iaff.org\/fr-ca\/wp-json\/wp\/v2\/types\/page"}],"author":[{"embeddable":true,"href":"https:\/\/www.iaff.org\/fr-ca\/wp-json\/wp\/v2\/users\/1"}],"replies":[{"embeddable":true,"href":"https:\/\/www.iaff.org\/fr-ca\/wp-json\/wp\/v2\/comments?post=77554"}],"version-history":[{"count":0,"href":"https:\/\/www.iaff.org\/fr-ca\/wp-json\/wp\/v2\/pages\/77554\/revisions"}],"wp:attachment":[{"href":"https:\/\/www.iaff.org\/fr-ca\/wp-json\/wp\/v2\/media?parent=77554"}],"curies":[{"name":"wp","href":"https:\/\/api.w.org\/{rel}","templated":true}]}}

<p>Les droits aux congés de maladie et la protection pendant la période où l’employé doit être sans travail sont précisés dans la convention collective. Modèle de contrat libellé : [Sélectionnez [&hellip;]</p>
