{"id":95441,"date":"2024-02-09T18:50:13","date_gmt":"2024-02-09T23:50:13","guid":{"rendered":"https:\/\/www.iaff.org\/equipo-de-proteccion-y-pfas\/aviso-de-seguridad-sobre-pfas\/"},"modified":"2025-07-28T14:18:13","modified_gmt":"2025-07-28T18:18:13","slug":"aviso-de-seguridad-sobre-pfas","status":"publish","type":"page","link":"https:\/\/www.iaff.org\/es\/equipo-de-proteccion-y-pfas\/aviso-de-seguridad-sobre-pfas\/","title":{"rendered":"Aviso de seguridad sobre PFAS"},"content":{"rendered":"<section\n\t class=\"secondary-hero align wp-block-acf-secondary-hero\" id=\"secondary-hero_block_9017650592dd431840d642f07adb0220\">\n\t\n<header\n\tclass=\"w-full u-bg-full-width px-[22px] md:ps-bleed md:pe-0 py-[60px] bg-smoke-5 text-black u-has-rivets u-rivets-dark\"\n\tdata-theme=\"gray\"\n>\n\t<div class=\"flex flex-col !px-0 !max-w-[1440px] w-full lg:!ps-indent\">\n\t\t<div class=\"border-t-[6px] w-full my-0 flex flex-col md:flex-row gap-x-[62px] gap-y-[22px] border-red\">\n\t\t\t\t\t\t\t<div class=\"relative grid md:order-last md:w-1\/2 overflow-hidden place-items-center aspect-[157\/105]\">\n\t\t\t\t\t<img decoding=\"async\" width=\"1256\" height=\"707\" src=\"https:\/\/www.iaff.org\/wp-content\/uploads\/.\/Health_Safety_New\/Behavioral_Health\/crew-scaled-1256x707.jpg\" class=\"absolute object-cover min-w-full h-full\" alt=\"\" srcset=\"https:\/\/www.iaff.org\/wp-content\/uploads\/.\/Health_Safety_New\/Behavioral_Health\/crew-scaled-1256x707.jpg 1256w, https:\/\/www.iaff.org\/wp-content\/uploads\/.\/Health_Safety_New\/Behavioral_Health\/crew-scaled-300x169.jpg 300w, https:\/\/www.iaff.org\/wp-content\/uploads\/.\/Health_Safety_New\/Behavioral_Health\/crew-scaled-1024x576.jpg 1024w, https:\/\/www.iaff.org\/wp-content\/uploads\/.\/Health_Safety_New\/Behavioral_Health\/crew-scaled-768x432.jpg 768w, https:\/\/www.iaff.org\/wp-content\/uploads\/.\/Health_Safety_New\/Behavioral_Health\/crew-scaled-1536x864.jpg 1536w, https:\/\/www.iaff.org\/wp-content\/uploads\/.\/Health_Safety_New\/Behavioral_Health\/crew-scaled-2048x1152.jpg 2048w, https:\/\/www.iaff.org\/wp-content\/uploads\/.\/Health_Safety_New\/Behavioral_Health\/crew-scaled-240x135.jpg 240w, https:\/\/www.iaff.org\/wp-content\/uploads\/.\/Health_Safety_New\/Behavioral_Health\/crew-scaled-1440x810.jpg 1440w\" sizes=\"(max-width: 1256px) 100vw, 1256px\" \/>\t\t\t\t<\/div>\n\t\t\t\t\t\t<div class=\"w-full md:w-1\/2 md:py-[45px]\">\n\t\t\t\t<div class=\"max-w-[600px] flex flex-col gap-[22px]\">\n\t\t\t\t\t\t\t\t\t\t\t<h1 class=\"has-[.u-halftone-shadow--dark]:mb-divider has-[.u-halftone-shadow--light]:mb-divider\">\n\t\t\t\t\t\t\t<span class=\"inline-flex text-heading-200 u-halftone-shadow--dark\">\n\t\t\t\t\t\t\t\tAVISO DE SEGURIDAD\t\t\t\t\t\t\t<\/span>\n\t\t\t\t\t\t<\/h1>\n\t\t\t\t\t\t\t\t\t\t\t\t\t\t\t\t\t\t\t\t\t\t\t\t\t\t\t\t\t<\/div>\n\t\t\t<\/div>\n\n\t\t<\/div>\n\t\t\t\t\t<div class=\"order-first flex justify-start w-full pb-[22px]\">\n\t\t\t\t<div\n\tclass=\"wp-block-button is-style-tertiary text-smoke is-style-tertiary-back\"\n>\n\t\t\t<a\n\t\t\thref=\"https:\/\/www.iaff.org\/es\/equipo-de-proteccion-y-pfas\/\"\n\t\t\tclass=\"wp-block-button__link wp-element-button group\"\n\t\t\t\t\t>\n\t\t\t<span\n\t\t\tclass=\"decoration-transparent underline underline-offset-2 group-hover:decoration-inherit group-focus-visible:decoration-inherit transition duration-hover\"\n\t\t>\n\t\t\tEquipo de protecci\u00f3n y PFAS\t\t<\/span>\n\n\t\t<span\n\t\t\tclass=\"bg-inherit transition-colors duration-hover group-hover:bg-gold group-focus:bg-gold inline-flex rotate-180 order-first\"\n\t\t>\n\t\t\t<svg xmlns=\"http:\/\/www.w3.org\/2000\/svg\" width=\"21\" height=\"22\" fill=\"none\" viewBox=\"0 0 21 22\"><path stroke=\"currentColor\" stroke-linecap=\"round\" stroke-width=\"2\" d=\"M20 20.75L20 2.25L1.5 2.25L1.5 20.75L20 20.75Z\" clip-rule=\"evenodd\"\/><path stroke=\"currentColor\" stroke-linecap=\"square\" stroke-width=\"2\" d=\"M14.0883 11.5L6.66406 11.5\"\/><path stroke=\"currentColor\" stroke-linecap=\"square\" stroke-width=\"2\" d=\"M11.0723 7.75205L14.8363 11.5L11.0723 15.248\"\/><\/svg>\t\t<\/span>\n\t<\/a><\/div>\n\t\t\t<\/div>\n\t\t\t<\/div>\n<\/header>\n<\/section>\n\n<div id=\"safety-advisory\" class=\"wp-block-group is-layout-constrained wp-block-group-is-layout-constrained\"><section\n\t class=\"page-blocks iaff-page-blocks align wp-block-acf-page-blocks\" id=\"page-blocks_block_4140d32b6f719d412abd43c919aac329\">\n\t<div class=\"acf-innerblocks-container\">\n<div class=\"wp-block-paragraph \">\n<p>El <strong>International Association of Fire Fighters<\/strong> (IAFF) y la <strong>Asociaci\u00f3n Metropolitana de Jefes de Bomberos<\/strong> (Metro Chiefs) se han unido para notificar a los miembros sobre los riesgos adversos para la salud del equipo de protecci\u00f3n de los bomberos.<\/p>\n<\/div>\n\n<div class=\"wp-block-paragraph \">\n<p>Estudios recientes han demostrado que las tres capas del equipo de protecci\u00f3n de los bomberos contienen sustancias per y polifluoroalquiladas (PFAS), una clase de productos qu\u00edmicos fluorados conocidos como \u201cqu\u00edmicos eternos\u201d que se han relacionado con el c\u00e1ncer y otros efectos graves para la salud.\u00b9<sup>,<\/sup>\u00b2 Estos estudios destacan los riesgos asociados con los materiales y acabados utilizados en el equipo de protecci\u00f3n incluso antes de que se exponga a su primer incendio.<\/p>\n<\/div>\n\n<div class=\"wp-block-paragraph \">\n<p>Identificar materiales seguros y eficaces libres de PFAS para el equipo de protecci\u00f3n es un proceso largo y desafiante. Hasta que se eliminen por completo los PFAS del equipo de protecci\u00f3n, el IAFF y Metro Chiefs solicitan a los bomberos que reduzcan la exposici\u00f3n a los PFAS en el equipo de protecci\u00f3n utilizando las siguientes precauciones: <\/p>\n<\/div>\n\n<div class=\"wp-block-list\">\n<ul class=\"wp-block-list\">\n<li>El equipo de protecci\u00f3n NO debe llevarse a las \u00e1reas de vivienda del cuartel de bomberos.<\/li>\n\n\n\n<li>Al transportar el equipo en veh\u00edculos personales, debe estar en un contenedor o bolsa sellada, y preferiblemente NO transportarse en el compartimento de pasajeros.<\/li>\n\n\n\n<li>Las cabinas de los aparatos deben limpiarse regularmente y despu\u00e9s de cada incendio.<\/li>\n\n\n\n<li>L\u00e1vese las manos despu\u00e9s de manipular el equipo de protecci\u00f3n.<\/li>\n\n\n\n<li>El equipo de protecci\u00f3n antiguo debe reemplazarse a medida que se disponga de nuevas tecnolog\u00edas libres de PFAS.<\/li>\n\n\n\n<li>No use el equipo de protecci\u00f3n en respuestas donde este nivel de protecci\u00f3n no sea necesario.*<\/li>\n<\/ul>\n<\/div>\n\n<div class=\"wp-block-paragraph \">\n<p>El IAFF ha estado trabajando con investigadores, grupos de defensa, partes interesadas de la industria y l\u00edderes legislativos para ayudar a abordar este problema y eliminar sustancias nocivas del equipo de protecci\u00f3n. El IAFF tambi\u00e9n se ha asociado recientemente con la Sociedad Americana del C\u00e1ncer y ha contratado a su primer Director M\u00e9dico para ampliar la investigaci\u00f3n sobre el c\u00e1ncer. <\/p>\n<\/div>\n\n<div class=\"wp-block-paragraph \">\n<p>Tanto el IAFF como Metro Chiefs est\u00e1n dedicados a eliminar los productos qu\u00edmicos PFAS del equipo de protecci\u00f3n. Los esfuerzos conjuntos se llevar\u00e1n a cabo ante los organismos reguladores y en continuas discusiones con los fabricantes en la iniciativa cr\u00edtica de eliminar los PFAS \u201cqu\u00edmicos eternos\u201d del equipo de protecci\u00f3n. <\/p>\n<\/div>\n\n<div class=\"wp-block-paragraph \">\n<p>El International Association of Fire Fighters y la Asociaci\u00f3n Metropolitana de Jefes de Bomberos est\u00e1n hombro con hombro en nuestros esfuerzos combinados para librar al servicio de bomberos del c\u00e1ncer ocupacional. Hace mucho tiempo que el c\u00e1ncer ocupacional dej\u00f3 de ser aceptado como \u201cparte del trabajo.\u201d Usted puede hacer su parte, y le instamos a que tome estas medidas para reducir su exposici\u00f3n.  <\/p>\n<\/div>\n\n<div class=\"wp-block-paragraph \">\n<p>Debemos alzar nuestras voces colectivas y trabajar diligentemente hacia un d\u00eda en que el equipo de bomberos no sea una fuente de enfermedad para los bomberos.<\/p>\n<\/div>\n<\/div><\/section>\n\n\n<div class=\"wp-block-paragraph \">\n<p><em>*Usar todo el Equipo de Protecci\u00f3n Personal (EPP) y el Aparato de Respiraci\u00f3n Aut\u00f3noma (SCBA) durante la extinci\u00f3n de incendios, la revisi\u00f3n posterior y mientras se trabaja en el humo sigue siendo la mejor primera l\u00ednea de defensa cuando se trata de limitar la exposici\u00f3n a los contaminantes del lugar del incendio. Despu\u00e9s de cualquier exposici\u00f3n a los productos de la combusti\u00f3n, todo el EPP debe limpiarse de acuerdo con la norma NFPA 1851 para reducir la contaminaci\u00f3n cruzada y la exposici\u00f3n adicional. <\/em><\/p>\n<\/div>\n\n<section\n\t class=\"page-blocks iaff-page-blocks align wp-block-acf-page-blocks\" id=\"page-blocks_block_4140d32b6f719d412abd43c919aac329\">\n\t<div class=\"acf-innerblocks-container\">\n<div\n\t class=\"subheadline pt-[40px] flex flex-row items-center align wp-block-acf-subheadline\" id=\"subheadline_block_fe70b4b7c5374de5ceb1ccc67eab1653\">\n\t<div class=\"text-smoke mb-[28px] w-full items-center grid grid-cols-[fit-content(100ch)_1fr]\">\n\t<h3 class=\"text-heading-500 leading-6 border-transparent border-e-[2em]\">\n\t\tReferencias\t<\/h3>\n\t\t\t<div class=\"h-[3px] text-current border bg-current\" role=\"presentation\"><\/div>\n\t<\/div>\n<\/div>\n\n<\/div><\/section>\n\n\n<div class=\"wp-block-list\">\n<ol class=\"wp-block-list\">\n<li>Muensterman DJ, Titaley IA, Peaslee GF, Minc LD, Cahuas L, Rodowa AE, Horiuchi Y, Yamane S, Fouquet TNJ, Kissel JC, Carignan CC, Field JA. <a href=\"https:\/\/www.iaff.org\/wp-content\/uploads\/Muensterman-27DEC21-Flourine-FF-gear-002.pdf\" target=\"_blank\" rel=\"noreferrer noopener\">Disposici\u00f3n del fl\u00faor en el nuevo equipo de protecci\u00f3n de bomberos<\/a>. Environ Sci Technol. 2022 Ene 18;56(2):974-983  <\/li>\n\n\n\n<li>Peaslee, G. F.; Wilkinson, J. T.; McGuinness, S. R.; Tighe, M.; Caterisano, N.; Lee, S.; Gonzales, A.; Roddy, M.; Mills, S.; Mitchell, K. <a href=\"https:\/\/www.iaff.org\/wp-content\/uploads\/PeasleeStudy.pdf\" target=\"_blank\" rel=\"noreferrer noopener\">Otra v\u00eda de exposici\u00f3n de los bomberos a las sustancias per y polifluoroalquiladas: los textiles de bomberos<\/a>. Environ. Sci. Technol. Lett. 2020, 7, 594\u2212599.     <\/li>\n\n\n\n<li>Agencia de Protecci\u00f3n Ambiental: <a href=\"https:\/\/www.epa.gov\/pfas\/pfas-explained\" target=\"_blank\" rel=\"noreferrer noopener\">https:\/\/www.epa.gov\/pfas\/pfas-explained<\/a><\/li>\n\n\n\n<li>Centros para el Control y la Prevenci\u00f3n de Enfermedades: <a href=\"https:\/\/www.cdc.gov\/biomonitoring\/PFAS_FactSheet.html\" target=\"_blank\" rel=\"noreferrer noopener\">https:\/\/www.cdc.gov\/biomonitoring\/PFAS_FactSheet.html<\/a><\/li>\n\n\n\n<li>Agencia para Sustancias T\u00f3xicas y el Registro de Enfermedades: <a href=\"https:\/\/www.atsdr.cdc.gov\/pfas\/activities\/assessments.html\" target=\"_blank\" rel=\"noreferrer noopener\">https:\/\/www.atsdr.cdc.gov\/pfas\/activities\/assessments.html<\/a><\/li>\n\n\n\n<li>Posici\u00f3n del IAFF sobre PFAS: <a href=\"https:\/\/www.iaff.org\/es\/news\/declaracion-del-presidente-general-de-la-aib-edward-a-kelly-sobre-las-demandas-por-pfas\/\" target=\"_blank\" rel=\"noreferrer noopener\">https:\/\/www.iaff.org\/news\/statement-from-iaff-general-president-edward-a-kelly-on-pfas-lawsuits<\/a><\/li>\n<\/ol>\n<\/div>\n\n<div class=\"wp-block-paragraph \">\n<p><\/p>\n<\/div><\/div>\n","protected":false},"excerpt":{"rendered":"<p>*Usar todo el Equipo de Protecci\u00f3n Personal (EPP) y el Aparato de Respiraci\u00f3n Aut\u00f3noma (SCBA) durante la extinci\u00f3n de incendios, la revisi\u00f3n posterior y mientras se trabaja en el humo [&hellip;]<\/p>\n","protected":false},"featured_media":0,"parent":95405,"menu_order":0,"comment_status":"closed","ping_status":"closed","template":"","meta":{"_acf_changed":false,"_searchwp_excluded":"","inline_featured_image":false,"_EventAllDay":false,"_EventTimezone":"","_EventStartDate":"","_EventEndDate":"","_EventStartDateUTC":"","_EventEndDateUTC":"","_EventShowMap":false,"_EventShowMapLink":false,"_EventURL":"","_EventCost":"","_EventCostDescription":"","_EventCurrencySymbol":"","_EventCurrencyCode":"","_EventCurrencyPosition":"","_EventDateTimeSeparator":"","_EventTimeRangeSeparator":"","_EventOrganizerID":[],"_EventVenueID":[],"_OrganizerEmail":"","_OrganizerPhone":"","_OrganizerWebsite":"","_VenueAddress":"","_VenueCity":"","_VenueCountry":"","_VenueProvince":"","_VenueState":"","_VenueZip":"","_VenuePhone":"","_VenueURL":"","_VenueStateProvince":"","_VenueLat":"","_VenueLng":"","_VenueShowMap":false,"_VenueShowMapLink":false,"footnotes":""},"class_list":["post-95441","page","type-page","status-publish","hentry"],"acf":[],"publishpress_future_workflow_manual_trigger":{"enabledWorkflows":[]},"_links":{"self":[{"href":"https:\/\/www.iaff.org\/es\/wp-json\/wp\/v2\/pages\/95441","targetHints":{"allow":["GET"]}}],"collection":[{"href":"https:\/\/www.iaff.org\/es\/wp-json\/wp\/v2\/pages"}],"about":[{"href":"https:\/\/www.iaff.org\/es\/wp-json\/wp\/v2\/types\/page"}],"author":[{"embeddable":true,"href":"https:\/\/www.iaff.org\/es\/wp-json\/wp\/v2\/users\/10"}],"replies":[{"embeddable":true,"href":"https:\/\/www.iaff.org\/es\/wp-json\/wp\/v2\/comments?post=95441"}],"version-history":[{"count":0,"href":"https:\/\/www.iaff.org\/es\/wp-json\/wp\/v2\/pages\/95441\/revisions"}],"up":[{"embeddable":true,"href":"https:\/\/www.iaff.org\/es\/wp-json\/wp\/v2\/pages\/95405"}],"wp:attachment":[{"href":"https:\/\/www.iaff.org\/es\/wp-json\/wp\/v2\/media?parent=95441"}],"curies":[{"name":"wp","href":"https:\/\/api.w.org\/{rel}","templated":true}]}}

<section
	 class="secondary-hero align wp-block-acf-secondary-hero" id="secondary-hero_block_9017650592dd431840d642f07adb0220">
	
<header
	class="w-full u-bg-full-width px-[22px] md:ps-bleed md:pe-0 py-[60px] bg-smoke-5 text-black u-has-rivets u-rivets-dark"
	data-theme="gray"
>
	<div class="flex flex-col !px-0 !max-w-[1440px] w-full lg:!ps-indent">
		<div class="border-t-[6px] w-full my-0 flex flex-col md:flex-row gap-x-[62px] gap-y-[22px] border-red">
							<div class="relative grid md:order-last md:w-1/2 overflow-hidden place-items-center aspect-[157/105]">
					<img decoding="async" width="1256" height="707" src="https://www.iaff.org/wp-content/uploads/./Health_Safety_New/Behavioral_Health/crew-scaled-1256x707.jpg" class="absolute object-cover min-w-full h-full" alt="" srcset="https://www.iaff.org/wp-content/uploads/./Health_Safety_New/Behavioral_Health/crew-scaled-1256x707.jpg 1256w, https://www.iaff.org/wp-content/uploads/./Health_Safety_New/Behavioral_Health/crew-scaled-300x169.jpg 300w, https://www.iaff.org/wp-content/uploads/./Health_Safety_New/Behavioral_Health/crew-scaled-1024x576.jpg 1024w, https://www.iaff.org/wp-content/uploads/./Health_Safety_New/Behavioral_Health/crew-scaled-768x432.jpg 768w, https://www.iaff.org/wp-content/uploads/./Health_Safety_New/Behavioral_Health/crew-scaled-1536x864.jpg 1536w, https://www.iaff.org/wp-content/uploads/./Health_Safety_New/Behavioral_Health/crew-scaled-2048x1152.jpg 2048w, https://www.iaff.org/wp-content/uploads/./Health_Safety_New/Behavioral_Health/crew-scaled-240x135.jpg 240w, https://www.iaff.org/wp-content/uploads/./Health_Safety_New/Behavioral_Health/crew-scaled-1440x810.jpg 1440w" sizes="(max-width: 1256px) 100vw, 1256px" />				</div>
						<div class="w-full md:w-1/2 md:py-[45px]">
				<div class="max-w-[600px] flex flex-col gap-[22px]">
											<h1 class="has-[.u-halftone-shadow--dark]:mb-divider has-[.u-halftone-shadow--light]:mb-divider">
							<span class="inline-flex text-heading-200 u-halftone-shadow--dark">
								AVISO DE SEGURIDAD							</span>
						</h1>
																													</div>
			</div>

		</div>
					<div class="order-first flex justify-start w-full pb-[22px]">
				<div
	class="wp-block-button is-style-tertiary text-smoke is-style-tertiary-back"
>
			<a
			href="https://www.iaff.org/es/equipo-de-proteccion-y-pfas/"
			class="wp-block-button__link wp-element-button group"
					>
			<span
			class="decoration-transparent underline underline-offset-2 group-hover:decoration-inherit group-focus-visible:decoration-inherit transition duration-hover"
		>
			Equipo de protección y PFAS		</span>

		<span
			class="bg-inherit transition-colors duration-hover group-hover:bg-gold group-focus:bg-gold inline-flex rotate-180 order-first"
		>
			<svg xmlns="http://www.w3.org/2000/svg" width="21" height="22" fill="none" viewBox="0 0 21 22"><path stroke="currentColor" stroke-linecap="round" stroke-width="2" d="M20 20.75L20 2.25L1.5 2.25L1.5 20.75L20 20.75Z" clip-rule="evenodd"/><path stroke="currentColor" stroke-linecap="square" stroke-width="2" d="M14.0883 11.5L6.66406 11.5"/><path stroke="currentColor" stroke-linecap="square" stroke-width="2" d="M11.0723 7.75205L14.8363 11.5L11.0723 15.248"/></svg>		</span>
	</a></div>
			</div>
			</div>
</header>
</section>

<div id="safety-advisory" class="wp-block-group is-layout-constrained wp-block-group-is-layout-constrained"><section
	 class="page-blocks iaff-page-blocks align wp-block-acf-page-blocks" id="page-blocks_block_4140d32b6f719d412abd43c919aac329">
	<div class="acf-innerblocks-container">
<div class="wp-block-paragraph ">
<p>El <strong>International Association of Fire Fighters</strong> (IAFF) y la <strong>Asociación Metropolitana de Jefes de Bomberos</strong> (Metro Chiefs) se han unido para notificar a los miembros sobre los riesgos adversos para la salud del equipo de protección de los bomberos.</p>
</div>

<div class="wp-block-paragraph ">
<p>Estudios recientes han demostrado que las tres capas del equipo de protección de los bomberos contienen sustancias per y polifluoroalquiladas (PFAS), una clase de productos químicos fluorados conocidos como “químicos eternos” que se han relacionado con el cáncer y otros efectos graves para la salud.¹<sup>,</sup>² Estos estudios destacan los riesgos asociados con los materiales y acabados utilizados en el equipo de protección incluso antes de que se exponga a su primer incendio.</p>
</div>

<div class="wp-block-paragraph ">
<p>Identificar materiales seguros y eficaces libres de PFAS para el equipo de protección es un proceso largo y desafiante. Hasta que se eliminen por completo los PFAS del equipo de protección, el IAFF y Metro Chiefs solicitan a los bomberos que reduzcan la exposición a los PFAS en el equipo de protección utilizando las siguientes precauciones: </p>
</div>

<div class="wp-block-list">
<ul class="wp-block-list">
<li>El equipo de protección NO debe llevarse a las áreas de vivienda del cuartel de bomberos.</li>



<li>Al transportar el equipo en vehículos personales, debe estar en un contenedor o bolsa sellada, y preferiblemente NO transportarse en el compartimento de pasajeros.</li>



<li>Las cabinas de los aparatos deben limpiarse regularmente y después de cada incendio.</li>



<li>Lávese las manos después de manipular el equipo de protección.</li>



<li>El equipo de protección antiguo debe reemplazarse a medida que se disponga de nuevas tecnologías libres de PFAS.</li>



<li>No use el equipo de protección en respuestas donde este nivel de protección no sea necesario.*</li>
</ul>
</div>

<div class="wp-block-paragraph ">
<p>El IAFF ha estado trabajando con investigadores, grupos de defensa, partes interesadas de la industria y líderes legislativos para ayudar a abordar este problema y eliminar sustancias nocivas del equipo de protección. El IAFF también se ha asociado recientemente con la Sociedad Americana del Cáncer y ha contratado a su primer Director Médico para ampliar la investigación sobre el cáncer. </p>
</div>

<div class="wp-block-paragraph ">
<p>Tanto el IAFF como Metro Chiefs están dedicados a eliminar los productos químicos PFAS del equipo de protección. Los esfuerzos conjuntos se llevarán a cabo ante los organismos reguladores y en continuas discusiones con los fabricantes en la iniciativa crítica de eliminar los PFAS “químicos eternos” del equipo de protección. </p>
</div>

<div class="wp-block-paragraph ">
<p>El International Association of Fire Fighters y la Asociación Metropolitana de Jefes de Bomberos están hombro con hombro en nuestros esfuerzos combinados para librar al servicio de bomberos del cáncer ocupacional. Hace mucho tiempo que el cáncer ocupacional dejó de ser aceptado como “parte del trabajo.” Usted puede hacer su parte, y le instamos a que tome estas medidas para reducir su exposición.  </p>
</div>

<div class="wp-block-paragraph ">
<p>Debemos alzar nuestras voces colectivas y trabajar diligentemente hacia un día en que el equipo de bomberos no sea una fuente de enfermedad para los bomberos.</p>
</div>
</div></section>


<div class="wp-block-paragraph ">
<p><em>*Usar todo el Equipo de Protección Personal (EPP) y el Aparato de Respiración Autónoma (SCBA) durante la extinción de incendios, la revisión posterior y mientras se trabaja en el humo sigue siendo la mejor primera línea de defensa cuando se trata de limitar la exposición a los contaminantes del lugar del incendio. Después de cualquier exposición a los productos de la combustión, todo el EPP debe limpiarse de acuerdo con la norma NFPA 1851 para reducir la contaminación cruzada y la exposición adicional. </em></p>
</div>

<section
	 class="page-blocks iaff-page-blocks align wp-block-acf-page-blocks" id="page-blocks_block_4140d32b6f719d412abd43c919aac329">
	<div class="acf-innerblocks-container">
<div
	 class="subheadline pt-[40px] flex flex-row items-center align wp-block-acf-subheadline" id="subheadline_block_fe70b4b7c5374de5ceb1ccc67eab1653">
	<div class="text-smoke mb-[28px] w-full items-center grid grid-cols-[fit-content(100ch)_1fr]">
	<h3 class="text-heading-500 leading-6 border-transparent border-e-[2em]">
		Referencias	</h3>
			<div class="h-[3px] text-current border bg-current" role="presentation"></div>
	</div>
</div>

</div></section>


<div class="wp-block-list">
<ol class="wp-block-list">
<li>Muensterman DJ, Titaley IA, Peaslee GF, Minc LD, Cahuas L, Rodowa AE, Horiuchi Y, Yamane S, Fouquet TNJ, Kissel JC, Carignan CC, Field JA. <a href="https://www.iaff.org/wp-content/uploads/Muensterman-27DEC21-Flourine-FF-gear-002.pdf" target="_blank" rel="noreferrer noopener">Disposición del flúor en el nuevo equipo de protección de bomberos</a>. Environ Sci Technol. 2022 Ene 18;56(2):974-983  </li>



<li>Peaslee, G. F.; Wilkinson, J. T.; McGuinness, S. R.; Tighe, M.; Caterisano, N.; Lee, S.; Gonzales, A.; Roddy, M.; Mills, S.; Mitchell, K. <a href="https://www.iaff.org/wp-content/uploads/PeasleeStudy.pdf" target="_blank" rel="noreferrer noopener">Otra vía de exposición de los bomberos a las sustancias per y polifluoroalquiladas: los textiles de bomberos</a>. Environ. Sci. Technol. Lett. 2020, 7, 594−599.     </li>



<li>Agencia de Protección Ambiental: <a href="https://www.epa.gov/pfas/pfas-explained" target="_blank" rel="noreferrer noopener">https://www.epa.gov/pfas/pfas-explained</a></li>



<li>Centros para el Control y la Prevención de Enfermedades: <a href="https://www.cdc.gov/biomonitoring/PFAS_FactSheet.html" target="_blank" rel="noreferrer noopener">https://www.cdc.gov/biomonitoring/PFAS_FactSheet.html</a></li>



<li>Agencia para Sustancias Tóxicas y el Registro de Enfermedades: <a href="https://www.atsdr.cdc.gov/pfas/activities/assessments.html" target="_blank" rel="noreferrer noopener">https://www.atsdr.cdc.gov/pfas/activities/assessments.html</a></li>



<li>Posición del IAFF sobre PFAS: <a href="https://www.iaff.org/es/news/declaracion-del-presidente-general-de-la-aib-edward-a-kelly-sobre-las-demandas-por-pfas/" target="_blank" rel="noreferrer noopener">https://www.iaff.org/news/statement-from-iaff-general-president-edward-a-kelly-on-pfas-lawsuits</a></li>
</ol>
</div>

<div class="wp-block-paragraph ">
<p></p>
</div></div>

<p>*Usar todo el Equipo de Protección Personal (EPP) y el Aparato de Respiración Autónoma (SCBA) durante la extinción de incendios, la revisión posterior y mientras se trabaja en el humo [&hellip;]</p>
