{"id":95197,"date":"2024-02-27T19:15:23","date_gmt":"2024-02-28T00:15:23","guid":{"rendered":"https:\/\/www.iaff.org\/ayudando-a-un-miembro-necesitado\/"},"modified":"2025-12-03T14:48:47","modified_gmt":"2025-12-03T19:48:47","slug":"ayudando-a-un-miembro-necesitado","status":"publish","type":"page","link":"https:\/\/www.iaff.org\/es\/ayudando-a-un-miembro-necesitado\/","title":{"rendered":"Ayudando a un miembro necesitado"},"content":{"rendered":"<section\n\t class=\"secondary-hero align wp-block-acf-secondary-hero\" id=\"secondary-hero_block_e3dfe58198fa62997367cf85aadc44c3\">\n\t\n<header\n\tclass=\"w-full u-bg-full-width px-[22px] md:ps-bleed md:pe-0 py-[60px] bg-smoke-5 text-black u-has-rivets u-rivets-dark\"\n\tdata-theme=\"gray\"\n>\n\t<div class=\"flex flex-col !px-0 !max-w-[1440px] w-full lg:!ps-indent\">\n\t\t<div class=\"border-t-[6px] w-full my-0 flex flex-col md:flex-row gap-x-[62px] gap-y-[22px] border-red\">\n\t\t\t\t\t\t<div class=\"w-full md:w-1\/2 md:py-[45px]\">\n\t\t\t\t<div class=\"max-w-[600px] flex flex-col gap-[22px]\">\n\t\t\t\t\t\t\t\t\t\t\t<h1 class=\"has-[.u-halftone-shadow--dark]:mb-divider has-[.u-halftone-shadow--light]:mb-divider pt-[22px] md:pt-0\">\n\t\t\t\t\t\t\t<span class=\"inline-flex text-heading-200 u-halftone-shadow--dark\">\n\t\t\t\t\t\t\t\tAyudando a un miembro necesitado\t\t\t\t\t\t\t<\/span>\n\t\t\t\t\t\t<\/h1>\n\t\t\t\t\t\t\t\t\t\t\t\t\t\t\t\t\t\t\t\t\t\t\t\t\t\t\t\t\t<\/div>\n\t\t\t<\/div>\n\n\t\t<\/div>\n\t\t\t\t\t<div class=\"order-first flex justify-start w-full pb-[22px]\">\n\t\t\t\t<div\n\tclass=\"wp-block-button is-style-tertiary text-smoke is-style-tertiary-back\"\n>\n\t\t\t<a\n\t\t\thref=\"https:\/\/www.iaff.org\/es\/centro-de-excelencia-iaff\/\"\n\t\t\tclass=\"wp-block-button__link wp-element-button group\"\n\t\t\t\t\t>\n\t\t\t<span\n\t\t\tclass=\"decoration-transparent underline underline-offset-2 group-hover:decoration-inherit group-focus-visible:decoration-inherit transition duration-hover\"\n\t\t>\n\t\t\tCentro de excelencia de la AIB\t\t<\/span>\n\n\t\t<span\n\t\t\tclass=\"bg-inherit transition-colors duration-hover group-hover:bg-gold group-focus:bg-gold inline-flex rotate-180 order-first\"\n\t\t>\n\t\t\t<svg xmlns=\"http:\/\/www.w3.org\/2000\/svg\" width=\"21\" height=\"22\" fill=\"none\" viewBox=\"0 0 21 22\"><path stroke=\"currentColor\" stroke-linecap=\"round\" stroke-width=\"2\" d=\"M20 20.75L20 2.25L1.5 2.25L1.5 20.75L20 20.75Z\" clip-rule=\"evenodd\"\/><path stroke=\"currentColor\" stroke-linecap=\"square\" stroke-width=\"2\" d=\"M14.0883 11.5L6.66406 11.5\"\/><path stroke=\"currentColor\" stroke-linecap=\"square\" stroke-width=\"2\" d=\"M11.0723 7.75205L14.8363 11.5L11.0723 15.248\"\/><\/svg>\t\t<\/span>\n\t<\/a><\/div>\n\t\t\t<\/div>\n\t\t\t<\/div>\n<\/header>\n<\/section>\n<section\n\t class=\"page-blocks iaff-page-blocks align wp-block-acf-page-blocks\" id=\"page-blocks_block_a3e5d11955588ea33a9bf876b116f7e1\">\n\t<div class=\"acf-innerblocks-container\">\n<section\n\t class=\"column-list-section align wp-block-acf-column-list-section\" id=\"column-list-section_block_5ca14e746387d8fc1054aca201fff82d\">\n\t<div class=\"bg-smoke\/5 px-[19px] pt-[60px] pb-block-spacing md:px-[96px] md:mx-indent iaff-column-list-section\">\n\t\t\t\t<div class=\"acf-innerblocks-container\">\n<section\n\t class=\"column-list iaff-column-list align wp-block-acf-column-list\" id=\"column-list_block_7f1f802caab8085e032ef319d046f3db\">\n\t<div class=\"relative flex flex-col gap-[14px] mb-[52px]\">\n\t\t\t\t\t<h3 class=\"text-heading-500\">\n\t\t\t\tPara un miembro en crisis\t\t\t<\/h3>\n\t\t\t\t<div class=\"relative bg-halftone-divider bg-center bg-no-repeat w-full h-divider\"><\/div>\n\t<\/div>\n\n\t\t<div class=\"acf-innerblocks-container\">\n<article\n\t class=\"column-list-card min-h-[187px] border-l-4 border-red pl-4 w-full md:w-auto item-inner flex flex-col gap-1 align wp-block-acf-column-list-card\" id=\"column-list-card_block_daa65d94f6bd5ca995de03378b8b9b32\">\n\t\n\t\t\t\t<div class=\"text-body-400\">\n\t\t\t<p><strong>L\u00ednea de crisis y apoyo para bomberos y sus familias<br \/>\n<\/strong>(844) 525- FIRE (3473)<\/p>\n<p><strong>L\u00ednea Nacional de Prevenci\u00f3n del Suicidio<br \/>\n<\/strong>(800) 273-8255<\/p>\n<p><strong>Servicios de Crisis de Canad\u00e1 <\/strong><br \/>\n(833) 456-4566<br \/>\nTexto: 45645<\/p>\n\t\t<\/div>\n\t\t\t<\/article>\n\n<\/div><\/section>\n\n<\/div>\t<\/div>\n<\/section>\n\n<\/div><\/section>\n<section\n\t class=\"page-blocks iaff-page-blocks align wp-block-acf-page-blocks\" id=\"page-blocks_block_a3e5d11955588ea33a9bf876b116f7e1\">\n\t<div class=\"acf-innerblocks-container\">\n\n<h3 class=\"wp-block-heading\">Se\u00f1ales de que un miembro necesita ayuda<\/h3>\n\n\n<div class=\"wp-block-paragraph \">\n<p>Las se\u00f1ales que pueden indicar que un miembro est\u00e1 experimentando un problema de salud conductual o una crisis incluyen:<\/p>\n<\/div>\n\n<div class=\"wp-block-list\">\n<ul class=\"wp-block-list\">\n<li>Bajo rendimiento laboral<\/li>\n\n\n\n<li>Desinter\u00e9s en el trabajo o en la retroalimentaci\u00f3n sobre el desempe\u00f1o<\/li>\n\n\n\n<li>Cambios de humor recurrentes o irritabilidad<\/li>\n\n\n\n<li>Aumento o disminuci\u00f3n notable en el peso o el apetito<\/li>\n\n\n\n<li>Problemas de sue\u00f1o reportados, somnolencia observable<\/li>\n\n\n\n<li>Ausencias recurrentes o ausencia injustificada<\/li>\n\n\n\n<li>Menos comunicativo en la mesa de la cocina o alrededor de la estaci\u00f3n de bomberos<\/li>\n\n\n\n<li>Dificultad para interactuar con otros miembros del equipo<\/li>\n\n\n\n<li>Desaparici\u00f3n o aislamiento durante grandes partes del turno<\/li>\n\n\n\n<li>Comentarios del equipo de que el miembro parece diferente o est\u00e1 luchando<\/li>\n\n\n\n<li>Cambios dr\u00e1sticos y repentinos en la situaci\u00f3n de vida o las relaciones en el hogar<\/li>\n\n\n\n<li>Problemas financieros recurrentes o deudas<\/li>\n\n\n\n<li>Mayor necesidad de privacidad en el uso del tel\u00e9fono m\u00f3vil<\/li>\n\n\n\n<li>Ojos enrojecidos, pupilas contra\u00eddas u olor a alcohol<\/li>\n\n\n\n<li>Mala higiene o cambios notables en la apariencia f\u00edsica<\/li>\n\n\n\n<li>Insatisfacci\u00f3n, apat\u00eda o cinismo observado hacia el trabajo, el equipo o la vida<\/li>\n<\/ul>\n<\/div>\n<\/div><\/section>\n<section\n\t class=\"page-blocks iaff-page-blocks align wp-block-acf-page-blocks\" id=\"page-blocks_block_a3e5d11955588ea33a9bf876b116f7e1\">\n\t<div class=\"acf-innerblocks-container\">\n\n<h3 class=\"wp-block-heading\">Advertencias de que un miembro es suicida<\/h3>\n\n\n<div class=\"wp-block-paragraph \">\n<p>Aunque los s\u00edntomas de un problema de salud conductual no siempre son obvios, <a href=\"https:\/\/suicidepreventionlifeline.org\/how-we-can-all-prevent-suicide\/\" target=\"_blank\" rel=\"noopener\"><strong>las se\u00f1ales de advertencia de suicidio<\/strong><\/a><strong> son indicios claros de comportamiento, emocionales o interpersonales de que un miembro est\u00e1 en riesgo inmediato de intentar suicidarse<\/strong>:<\/p>\n<\/div>\n\n<div class=\"wp-block-list\">\n<ol class=\"wp-block-list\">\n<li>Hablar o sentirse desesperanzado, atrapado o sin raz\u00f3n para vivir<\/li>\n\n\n\n<li>Hablar o pensar en querer morir<\/li>\n\n\n\n<li>Hablar o sentir un dolor insoportable<\/li>\n\n\n\n<li>Investigar o planear formas de suicidarse<\/li>\n\n\n\n<li>Hablar o sentirse como una carga para los dem\u00e1s<\/li>\n\n\n\n<li>Hablar o sentir una falta de pertenencia<\/li>\n\n\n\n<li>Llamar a personas para despedirse<\/li>\n\n\n\n<li>Regalar posesiones preciadas<\/li>\n\n\n\n<li>Abandonar actividades sociales, ocupacionales y cotidianas<\/li>\n\n\n\n<li>Cambios severos y repentinos en el sue\u00f1o, el uso de sustancias y el estado de \u00e1nimo<\/li>\n<\/ol>\n<\/div>\n\n<div class=\"wp-block-paragraph \">\n<p>Si un miembro muestra alguna de las se\u00f1ales anteriores, debe ser acompa\u00f1ado inmediatamente a un proveedor de salud mental, sala de emergencias o durante una llamada a una l\u00ednea directa de crisis acreditada.<\/p>\n<\/div>\n\n<div class=\"wp-block-paragraph \">\n<p>Aunque generalmente se puede facilitar una admisi\u00f3n al Centro de Excelencia en uno a tres d\u00edas, <strong>si su miembro es suicida, necesita atenci\u00f3n m\u00e9dica local inmediata<\/strong>. La admisi\u00f3n al Centro de Excelencia puede coordinarse una vez que el miembro est\u00e9 en un lugar seguro. <\/p>\n<\/div>\n<\/div><\/section>\n<section\n\t class=\"page-blocks iaff-page-blocks align wp-block-acf-page-blocks\" id=\"page-blocks_block_a3e5d11955588ea33a9bf876b116f7e1\">\n\t<div class=\"acf-innerblocks-container\">\n\n<h3 class=\"wp-block-heading\">Intervenciones<\/h3>\n\n\n<div class=\"wp-block-paragraph \">\n<p>Si un miembro muestra alguna de las se\u00f1ales enumeradas anteriormente, es su responsabilidad intervenir. El miembro puede simplemente necesitar hablar, necesitar unos d\u00edas libres para lidiar con un asunto familiar o puede estar luchando con un problema grave de salud mental o abuso de sustancias que requiere atenci\u00f3n. <\/p>\n<\/div>\n\n<div class=\"wp-block-paragraph \">\n<p>Su relaci\u00f3n con el miembro puede dictar c\u00f3mo elige intervenir. Las opciones incluyen: <\/p>\n<\/div>\n\n<div class=\"wp-block-list\">\n<ul class=\"wp-block-list\">\n<li>Preguntar al miembro en privado, \u201cHe notado algunos cambios en ti \u00faltimamente. \u00bfC\u00f3mo te encuentras?\u201d<\/li>\n\n\n\n<li>Solicitar al l\u00edder del equipo de apoyo entre pares que verifique el estado del miembro<\/li>\n\n\n\n<li>Preguntar a otro miembro del equipo que sea amigable con el miembro c\u00f3mo lo ve<\/li>\n\n\n\n<li>Remitir al miembro al cl\u00ednico del departamento o al Programa de Asistencia al Empleado<\/li>\n\n\n\n<li>Considerar remitir al miembro para una evaluaci\u00f3n de aptitud para el servicio<\/li>\n<\/ul>\n<\/div>\n<\/div><\/section>\n<section\n\t class=\"page-blocks iaff-page-blocks align wp-block-acf-page-blocks\" id=\"page-blocks_block_a3e5d11955588ea33a9bf876b116f7e1\">\n\t<div class=\"acf-innerblocks-container\">\n<section\n\t class=\"section-header mb-10 align wp-block-acf-section-header\" id=\"section-header_block_b511ebec5840949ea38906d78e8a461f\">\n\t<div class=\"\">\n\t<div class=\"flex flex-col md:flex-row justify-between max-w-content gap-x-8 md:items-end flex-wrap\">\n\t\t<h2 class=\"text-heading-200 pb-[2px]\">\n\t\t\tTratamiento en el Centro de Excelencia\t\t<\/h2>\n\n\t\t\t\t\t<div class=\"md:order-last w-full\">\n\t\t\t\t\n\n\t<div class=\"h-divider w-full bg-halftone-divider bg-right\"><\/div>\n\t\t\t<\/div>\n\t\t\n\t\t\t<\/div>\n<\/div>\n<\/section>\n\n\n<div class=\"wp-block-paragraph \">\n<p>Los individuos t\u00edpicamente buscan tratamiento residencial cuando no se logra la estabilizaci\u00f3n de s\u00edntomas en un nivel inferior de atenci\u00f3n ambulatoria. En algunos casos, sin embargo, el tratamiento residencial est\u00e1 cl\u00ednicamente indicado cuando no hay historial de tratamiento previo. <\/p>\n<\/div>\n\n<div class=\"wp-block-paragraph \">\n<p>Cuando el trabajo, la familia, el hogar o la vida social de un miembro se ven gravemente afectados por s\u00edntomas o comportamiento, el tratamiento residencial puede ser una buena opci\u00f3n. El tratamiento residencial tambi\u00e9n puede proporcionar una capa adicional de anonimato que es dif\u00edcil de lograr en un centro de tratamiento local. <\/p>\n<\/div>\n\n<div class=\"wp-block-paragraph \">\n<p>Adem\u00e1s, los datos muestran que los miembros de IAFF est\u00e1n m\u00e1s dispuestos a buscar tratamiento en el Centro de Excelencia en comparaci\u00f3n con un centro de poblaci\u00f3n general. En una encuesta de miembros de IAFF que fueron tratados en el Centro de Excelencia, el 68 por ciento inform\u00f3 que no habr\u00edan o probablemente no habr\u00edan buscado tratamiento si no hubieran podido asistir al tratamiento en un entorno exclusivo para bomberos. <\/p>\n<\/div>\n<\/div><\/section>\n","protected":false},"excerpt":{"rendered":"","protected":false},"featured_media":0,"parent":0,"menu_order":0,"comment_status":"closed","ping_status":"closed","template":"","meta":{"_acf_changed":false,"_searchwp_excluded":"","inline_featured_image":false,"_EventAllDay":false,"_EventTimezone":"","_EventStartDate":"","_EventEndDate":"","_EventStartDateUTC":"","_EventEndDateUTC":"","_EventShowMap":false,"_EventShowMapLink":false,"_EventURL":"","_EventCost":"","_EventCostDescription":"","_EventCurrencySymbol":"","_EventCurrencyCode":"","_EventCurrencyPosition":"","_EventDateTimeSeparator":"","_EventTimeRangeSeparator":"","_EventOrganizerID":[],"_EventVenueID":[],"_OrganizerEmail":"","_OrganizerPhone":"","_OrganizerWebsite":"","_VenueAddress":"","_VenueCity":"","_VenueCountry":"","_VenueProvince":"","_VenueState":"","_VenueZip":"","_VenuePhone":"","_VenueURL":"","_VenueStateProvince":"","_VenueLat":"","_VenueLng":"","_VenueShowMap":false,"_VenueShowMapLink":false,"footnotes":""},"class_list":["post-95197","page","type-page","status-publish","hentry"],"acf":[],"publishpress_future_workflow_manual_trigger":{"enabledWorkflows":[]},"_links":{"self":[{"href":"https:\/\/www.iaff.org\/es\/wp-json\/wp\/v2\/pages\/95197","targetHints":{"allow":["GET"]}}],"collection":[{"href":"https:\/\/www.iaff.org\/es\/wp-json\/wp\/v2\/pages"}],"about":[{"href":"https:\/\/www.iaff.org\/es\/wp-json\/wp\/v2\/types\/page"}],"author":[{"embeddable":true,"href":"https:\/\/www.iaff.org\/es\/wp-json\/wp\/v2\/users\/5"}],"replies":[{"embeddable":true,"href":"https:\/\/www.iaff.org\/es\/wp-json\/wp\/v2\/comments?post=95197"}],"version-history":[{"count":0,"href":"https:\/\/www.iaff.org\/es\/wp-json\/wp\/v2\/pages\/95197\/revisions"}],"wp:attachment":[{"href":"https:\/\/www.iaff.org\/es\/wp-json\/wp\/v2\/media?parent=95197"}],"curies":[{"name":"wp","href":"https:\/\/api.w.org\/{rel}","templated":true}]}}

<section
	 class="secondary-hero align wp-block-acf-secondary-hero" id="secondary-hero_block_e3dfe58198fa62997367cf85aadc44c3">
	
<header
	class="w-full u-bg-full-width px-[22px] md:ps-bleed md:pe-0 py-[60px] bg-smoke-5 text-black u-has-rivets u-rivets-dark"
	data-theme="gray"
>
	<div class="flex flex-col !px-0 !max-w-[1440px] w-full lg:!ps-indent">
		<div class="border-t-[6px] w-full my-0 flex flex-col md:flex-row gap-x-[62px] gap-y-[22px] border-red">
						<div class="w-full md:w-1/2 md:py-[45px]">
				<div class="max-w-[600px] flex flex-col gap-[22px]">
											<h1 class="has-[.u-halftone-shadow--dark]:mb-divider has-[.u-halftone-shadow--light]:mb-divider pt-[22px] md:pt-0">
							<span class="inline-flex text-heading-200 u-halftone-shadow--dark">
								Ayudando a un miembro necesitado							</span>
						</h1>
																													</div>
			</div>

		</div>
					<div class="order-first flex justify-start w-full pb-[22px]">
				<div
	class="wp-block-button is-style-tertiary text-smoke is-style-tertiary-back"
>
			<a
			href="https://www.iaff.org/es/centro-de-excelencia-iaff/"
			class="wp-block-button__link wp-element-button group"
					>
			<span
			class="decoration-transparent underline underline-offset-2 group-hover:decoration-inherit group-focus-visible:decoration-inherit transition duration-hover"
		>
			Centro de excelencia de la AIB		</span>

		<span
			class="bg-inherit transition-colors duration-hover group-hover:bg-gold group-focus:bg-gold inline-flex rotate-180 order-first"
		>
			<svg xmlns="http://www.w3.org/2000/svg" width="21" height="22" fill="none" viewBox="0 0 21 22"><path stroke="currentColor" stroke-linecap="round" stroke-width="2" d="M20 20.75L20 2.25L1.5 2.25L1.5 20.75L20 20.75Z" clip-rule="evenodd"/><path stroke="currentColor" stroke-linecap="square" stroke-width="2" d="M14.0883 11.5L6.66406 11.5"/><path stroke="currentColor" stroke-linecap="square" stroke-width="2" d="M11.0723 7.75205L14.8363 11.5L11.0723 15.248"/></svg>		</span>
	</a></div>
			</div>
			</div>
</header>
</section>
<section
	 class="page-blocks iaff-page-blocks align wp-block-acf-page-blocks" id="page-blocks_block_a3e5d11955588ea33a9bf876b116f7e1">
	<div class="acf-innerblocks-container">
<section
	 class="column-list-section align wp-block-acf-column-list-section" id="column-list-section_block_5ca14e746387d8fc1054aca201fff82d">
	<div class="bg-smoke/5 px-[19px] pt-[60px] pb-block-spacing md:px-[96px] md:mx-indent iaff-column-list-section">
				<div class="acf-innerblocks-container">
<section
	 class="column-list iaff-column-list align wp-block-acf-column-list" id="column-list_block_7f1f802caab8085e032ef319d046f3db">
	<div class="relative flex flex-col gap-[14px] mb-[52px]">
					<h3 class="text-heading-500">
				Para un miembro en crisis			</h3>
				<div class="relative bg-halftone-divider bg-center bg-no-repeat w-full h-divider"></div>
	</div>

		<div class="acf-innerblocks-container">
<article
	 class="column-list-card min-h-[187px] border-l-4 border-red pl-4 w-full md:w-auto item-inner flex flex-col gap-1 align wp-block-acf-column-list-card" id="column-list-card_block_daa65d94f6bd5ca995de03378b8b9b32">
	
				<div class="text-body-400">
			<p><strong>Línea de crisis y apoyo para bomberos y sus familias<br />
</strong>(844) 525- FIRE (3473)</p>
<p><strong>Línea Nacional de Prevención del Suicidio<br />
</strong>(800) 273-8255</p>
<p><strong>Servicios de Crisis de Canadá </strong><br />
(833) 456-4566<br />
Texto: 45645</p>
		</div>
			</article>

</div></section>

</div>	</div>
</section>

</div></section>
<section
	 class="page-blocks iaff-page-blocks align wp-block-acf-page-blocks" id="page-blocks_block_a3e5d11955588ea33a9bf876b116f7e1">
	<div class="acf-innerblocks-container">

<h3 class="wp-block-heading">Señales de que un miembro necesita ayuda</h3>


<div class="wp-block-paragraph ">
<p>Las señales que pueden indicar que un miembro está experimentando un problema de salud conductual o una crisis incluyen:</p>
</div>

<div class="wp-block-list">
<ul class="wp-block-list">
<li>Bajo rendimiento laboral</li>



<li>Desinterés en el trabajo o en la retroalimentación sobre el desempeño</li>



<li>Cambios de humor recurrentes o irritabilidad</li>



<li>Aumento o disminución notable en el peso o el apetito</li>



<li>Problemas de sueño reportados, somnolencia observable</li>



<li>Ausencias recurrentes o ausencia injustificada</li>



<li>Menos comunicativo en la mesa de la cocina o alrededor de la estación de bomberos</li>



<li>Dificultad para interactuar con otros miembros del equipo</li>



<li>Desaparición o aislamiento durante grandes partes del turno</li>



<li>Comentarios del equipo de que el miembro parece diferente o está luchando</li>



<li>Cambios drásticos y repentinos en la situación de vida o las relaciones en el hogar</li>



<li>Problemas financieros recurrentes o deudas</li>



<li>Mayor necesidad de privacidad en el uso del teléfono móvil</li>



<li>Ojos enrojecidos, pupilas contraídas u olor a alcohol</li>



<li>Mala higiene o cambios notables en la apariencia física</li>



<li>Insatisfacción, apatía o cinismo observado hacia el trabajo, el equipo o la vida</li>
</ul>
</div>
</div></section>
<section
	 class="page-blocks iaff-page-blocks align wp-block-acf-page-blocks" id="page-blocks_block_a3e5d11955588ea33a9bf876b116f7e1">
	<div class="acf-innerblocks-container">

<h3 class="wp-block-heading">Advertencias de que un miembro es suicida</h3>


<div class="wp-block-paragraph ">
<p>Aunque los síntomas de un problema de salud conductual no siempre son obvios, <a href="https://suicidepreventionlifeline.org/how-we-can-all-prevent-suicide/" target="_blank" rel="noopener"><strong>las señales de advertencia de suicidio</strong></a><strong> son indicios claros de comportamiento, emocionales o interpersonales de que un miembro está en riesgo inmediato de intentar suicidarse</strong>:</p>
</div>

<div class="wp-block-list">
<ol class="wp-block-list">
<li>Hablar o sentirse desesperanzado, atrapado o sin razón para vivir</li>



<li>Hablar o pensar en querer morir</li>



<li>Hablar o sentir un dolor insoportable</li>



<li>Investigar o planear formas de suicidarse</li>



<li>Hablar o sentirse como una carga para los demás</li>



<li>Hablar o sentir una falta de pertenencia</li>



<li>Llamar a personas para despedirse</li>



<li>Regalar posesiones preciadas</li>



<li>Abandonar actividades sociales, ocupacionales y cotidianas</li>



<li>Cambios severos y repentinos en el sueño, el uso de sustancias y el estado de ánimo</li>
</ol>
</div>

<div class="wp-block-paragraph ">
<p>Si un miembro muestra alguna de las señales anteriores, debe ser acompañado inmediatamente a un proveedor de salud mental, sala de emergencias o durante una llamada a una línea directa de crisis acreditada.</p>
</div>

<div class="wp-block-paragraph ">
<p>Aunque generalmente se puede facilitar una admisión al Centro de Excelencia en uno a tres días, <strong>si su miembro es suicida, necesita atención médica local inmediata</strong>. La admisión al Centro de Excelencia puede coordinarse una vez que el miembro esté en un lugar seguro. </p>
</div>
</div></section>
<section
	 class="page-blocks iaff-page-blocks align wp-block-acf-page-blocks" id="page-blocks_block_a3e5d11955588ea33a9bf876b116f7e1">
	<div class="acf-innerblocks-container">

<h3 class="wp-block-heading">Intervenciones</h3>


<div class="wp-block-paragraph ">
<p>Si un miembro muestra alguna de las señales enumeradas anteriormente, es su responsabilidad intervenir. El miembro puede simplemente necesitar hablar, necesitar unos días libres para lidiar con un asunto familiar o puede estar luchando con un problema grave de salud mental o abuso de sustancias que requiere atención. </p>
</div>

<div class="wp-block-paragraph ">
<p>Su relación con el miembro puede dictar cómo elige intervenir. Las opciones incluyen: </p>
</div>

<div class="wp-block-list">
<ul class="wp-block-list">
<li>Preguntar al miembro en privado, “He notado algunos cambios en ti últimamente. ¿Cómo te encuentras?”</li>



<li>Solicitar al líder del equipo de apoyo entre pares que verifique el estado del miembro</li>



<li>Preguntar a otro miembro del equipo que sea amigable con el miembro cómo lo ve</li>



<li>Remitir al miembro al clínico del departamento o al Programa de Asistencia al Empleado</li>



<li>Considerar remitir al miembro para una evaluación de aptitud para el servicio</li>
</ul>
</div>
</div></section>
<section
	 class="page-blocks iaff-page-blocks align wp-block-acf-page-blocks" id="page-blocks_block_a3e5d11955588ea33a9bf876b116f7e1">
	<div class="acf-innerblocks-container">
<section
	 class="section-header mb-10 align wp-block-acf-section-header" id="section-header_block_b511ebec5840949ea38906d78e8a461f">
	<div class="">
	<div class="flex flex-col md:flex-row justify-between max-w-content gap-x-8 md:items-end flex-wrap">
		<h2 class="text-heading-200 pb-[2px]">
			Tratamiento en el Centro de Excelencia		</h2>

					<div class="md:order-last w-full">
				

	<div class="h-divider w-full bg-halftone-divider bg-right"></div>
			</div>
		
			</div>
</div>
</section>


<div class="wp-block-paragraph ">
<p>Los individuos típicamente buscan tratamiento residencial cuando no se logra la estabilización de síntomas en un nivel inferior de atención ambulatoria. En algunos casos, sin embargo, el tratamiento residencial está clínicamente indicado cuando no hay historial de tratamiento previo. </p>
</div>

<div class="wp-block-paragraph ">
<p>Cuando el trabajo, la familia, el hogar o la vida social de un miembro se ven gravemente afectados por síntomas o comportamiento, el tratamiento residencial puede ser una buena opción. El tratamiento residencial también puede proporcionar una capa adicional de anonimato que es difícil de lograr en un centro de tratamiento local. </p>
</div>

<div class="wp-block-paragraph ">
<p>Además, los datos muestran que los miembros de IAFF están más dispuestos a buscar tratamiento en el Centro de Excelencia en comparación con un centro de población general. En una encuesta de miembros de IAFF que fueron tratados en el Centro de Excelencia, el 68 por ciento informó que no habrían o probablemente no habrían buscado tratamiento si no hubieran podido asistir al tratamiento en un entorno exclusivo para bomberos. </p>
</div>
</div></section>
