{"id":93657,"date":"2024-02-13T21:17:09","date_gmt":"2024-02-14T02:17:09","guid":{"rendered":"https:\/\/www.iaff.org\/respondiendo-a-la-epidemia-de-opioides\/trastorno-por-consumo-de-opioides-una-enfermedad\/"},"modified":"2025-05-28T15:58:00","modified_gmt":"2025-05-28T19:58:00","slug":"trastorno-por-consumo-de-opioides-una-enfermedad","status":"publish","type":"page","link":"https:\/\/www.iaff.org\/es\/respondiendo-a-la-epidemia-de-opioides\/trastorno-por-consumo-de-opioides-una-enfermedad\/","title":{"rendered":"Trastorno por consumo de opioides: una enfermedad"},"content":{"rendered":"<section\n\t class=\"secondary-hero align wp-block-acf-secondary-hero\" id=\"secondary-hero_block_15b8bf38074f617497327b70220cde5e\">\n\t\n<header\n\tclass=\"w-full u-bg-full-width px-[22px] md:ps-bleed md:pe-0 py-[60px] bg-smoke-5 text-black u-has-rivets u-rivets-dark\"\n\tdata-theme=\"gray\"\n>\n\t<div class=\"flex flex-col !px-0 !max-w-[1440px] w-full lg:!ps-indent\">\n\t\t<div class=\"border-t-[6px] w-full my-0 flex flex-col md:flex-row gap-x-[62px] gap-y-[22px] border-red\">\n\t\t\t\t\t\t<div class=\"w-full md:w-1\/2 md:py-[45px]\">\n\t\t\t\t<div class=\"max-w-[600px] flex flex-col gap-[22px]\">\n\t\t\t\t\t\t\t\t\t\t\t<h1 class=\"has-[.u-halftone-shadow--dark]:mb-divider has-[.u-halftone-shadow--light]:mb-divider pt-[22px] md:pt-0\">\n\t\t\t\t\t\t\t<span class=\"inline-flex text-heading-200 u-halftone-shadow--dark\">\n\t\t\t\t\t\t\t\tTrastorno por consumo de opioides: una enfermedad\t\t\t\t\t\t\t<\/span>\n\t\t\t\t\t\t<\/h1>\n\t\t\t\t\t\t\t\t\t\t\t\t\t\t\t\t\t\t\t\t\t\t\t\t\t\t\t\t\t<\/div>\n\t\t\t<\/div>\n\n\t\t<\/div>\n\t\t\t<\/div>\n<\/header>\n<\/section>\n<section\n\t class=\"page-blocks iaff-page-blocks align wp-block-acf-page-blocks\" id=\"page-blocks_block_07b85cee7c286597fe57fda9b217b69e\">\n\t<div class=\"acf-innerblocks-container\">\n<div class=\"wp-block-paragraph \">\n<p>Este segmento est\u00e1 destinado al personal de servicios de bomberos y civiles para obtener una comprensi\u00f3n m\u00e1s profunda de la adicci\u00f3n a los opioides. Conozca m\u00e1s acerca de los efectos a corto y largo plazo de esta compleja enfermedad biol\u00f3gica, as\u00ed como los cambios f\u00edsicos, sociales y emocionales en una persona que consume o abusa de los opioides. Comprenda la definici\u00f3n m\u00e9dica del trastorno por consumo de opioides y la diferencia entre la dependencia a los opioides y la adicci\u00f3n a los opioides.  <\/p>\n<\/div>\n\n<div class=\"wp-block-video-container u-bg-full-width u-halftone-bg-70\">\n<figure class=\"wp-block-embed is-type-video is-provider-youtube wp-block-embed-youtube wp-embed-aspect-16-9 wp-has-aspect-ratio\"><div class=\"wp-block-embed__wrapper\">\n<iframe title=\"Opioid Use Disorder: A Disease\" width=\"500\" height=\"281\" src=\"https:\/\/www.youtube.com\/embed\/_NprxaY3Yjk?feature=oembed\" frameborder=\"0\" allow=\"accelerometer; autoplay; clipboard-write; encrypted-media; gyroscope; picture-in-picture; web-share\" referrerpolicy=\"strict-origin-when-cross-origin\" allowfullscreen><\/iframe>\n<\/div><figcaption class=\"wp-element-caption\">Respondiendo a la epidemia de opioides: episodio 1<\/figcaption><\/figure>\n<\/div>\n\n\n<h4 class=\"wp-block-heading\">Sintonice para m\u00e1s informaci\u00f3n:<\/h4>\n\n\n<div class=\"wp-block-paragraph \">\n<p><iframe style=\"border: none; min-width: min(100%, 430px);\" title=\"Trastorno por consumo de opioides: una enfermedad\" src=\"https:\/\/www.podbean.com\/player-v2\/?i=uwjbv-139371d-pb&amp;from=pb6admin&amp;share=1&amp;download=1&amp;rtl=0&amp;fonts=Arial&amp;skin=1&amp;font-color=&amp;logo_link=episode_page&amp;btn-skin=7\" width=\"100%\" height=\"150\" scrolling=\"no\" data-name=\"pb-iframe-player\"><\/iframe><\/p>\n<\/div>\n<\/div><\/section>\n","protected":false},"excerpt":{"rendered":"","protected":false},"featured_media":0,"parent":93442,"menu_order":0,"comment_status":"closed","ping_status":"closed","template":"","meta":{"_acf_changed":false,"_searchwp_excluded":"","inline_featured_image":false,"_EventAllDay":false,"_EventTimezone":"","_EventStartDate":"","_EventEndDate":"","_EventStartDateUTC":"","_EventEndDateUTC":"","_EventShowMap":false,"_EventShowMapLink":false,"_EventURL":"","_EventCost":"","_EventCostDescription":"","_EventCurrencySymbol":"","_EventCurrencyCode":"","_EventCurrencyPosition":"","_EventDateTimeSeparator":"","_EventTimeRangeSeparator":"","_EventOrganizerID":[],"_EventVenueID":[],"_OrganizerEmail":"","_OrganizerPhone":"","_OrganizerWebsite":"","_VenueAddress":"","_VenueCity":"","_VenueCountry":"","_VenueProvince":"","_VenueState":"","_VenueZip":"","_VenuePhone":"","_VenueURL":"","_VenueStateProvince":"","_VenueLat":"","_VenueLng":"","_VenueShowMap":false,"_VenueShowMapLink":false,"footnotes":""},"class_list":["post-93657","page","type-page","status-publish","hentry"],"acf":[],"publishpress_future_workflow_manual_trigger":{"enabledWorkflows":[]},"_links":{"self":[{"href":"https:\/\/www.iaff.org\/es\/wp-json\/wp\/v2\/pages\/93657","targetHints":{"allow":["GET"]}}],"collection":[{"href":"https:\/\/www.iaff.org\/es\/wp-json\/wp\/v2\/pages"}],"about":[{"href":"https:\/\/www.iaff.org\/es\/wp-json\/wp\/v2\/types\/page"}],"author":[{"embeddable":true,"href":"https:\/\/www.iaff.org\/es\/wp-json\/wp\/v2\/users\/10"}],"replies":[{"embeddable":true,"href":"https:\/\/www.iaff.org\/es\/wp-json\/wp\/v2\/comments?post=93657"}],"version-history":[{"count":0,"href":"https:\/\/www.iaff.org\/es\/wp-json\/wp\/v2\/pages\/93657\/revisions"}],"up":[{"embeddable":true,"href":"https:\/\/www.iaff.org\/es\/wp-json\/wp\/v2\/pages\/93442"}],"wp:attachment":[{"href":"https:\/\/www.iaff.org\/es\/wp-json\/wp\/v2\/media?parent=93657"}],"curies":[{"name":"wp","href":"https:\/\/api.w.org\/{rel}","templated":true}]}}

<section
	 class="secondary-hero align wp-block-acf-secondary-hero" id="secondary-hero_block_15b8bf38074f617497327b70220cde5e">
	
<header
	class="w-full u-bg-full-width px-[22px] md:ps-bleed md:pe-0 py-[60px] bg-smoke-5 text-black u-has-rivets u-rivets-dark"
	data-theme="gray"
>
	<div class="flex flex-col !px-0 !max-w-[1440px] w-full lg:!ps-indent">
		<div class="border-t-[6px] w-full my-0 flex flex-col md:flex-row gap-x-[62px] gap-y-[22px] border-red">
						<div class="w-full md:w-1/2 md:py-[45px]">
				<div class="max-w-[600px] flex flex-col gap-[22px]">
											<h1 class="has-[.u-halftone-shadow--dark]:mb-divider has-[.u-halftone-shadow--light]:mb-divider pt-[22px] md:pt-0">
							<span class="inline-flex text-heading-200 u-halftone-shadow--dark">
								Trastorno por consumo de opioides: una enfermedad							</span>
						</h1>
																													</div>
			</div>

		</div>
			</div>
</header>
</section>
<section
	 class="page-blocks iaff-page-blocks align wp-block-acf-page-blocks" id="page-blocks_block_07b85cee7c286597fe57fda9b217b69e">
	<div class="acf-innerblocks-container">
<div class="wp-block-paragraph ">
<p>Este segmento está destinado al personal de servicios de bomberos y civiles para obtener una comprensión más profunda de la adicción a los opioides. Conozca más acerca de los efectos a corto y largo plazo de esta compleja enfermedad biológica, así como los cambios físicos, sociales y emocionales en una persona que consume o abusa de los opioides. Comprenda la definición médica del trastorno por consumo de opioides y la diferencia entre la dependencia a los opioides y la adicción a los opioides.  </p>
</div>

<div class="wp-block-video-container u-bg-full-width u-halftone-bg-70">
<figure class="wp-block-embed is-type-video is-provider-youtube wp-block-embed-youtube wp-embed-aspect-16-9 wp-has-aspect-ratio"><div class="wp-block-embed__wrapper">
<iframe title="Opioid Use Disorder: A Disease" width="500" height="281" src="https://www.youtube.com/embed/_NprxaY3Yjk?feature=oembed" frameborder="0" allow="accelerometer; autoplay; clipboard-write; encrypted-media; gyroscope; picture-in-picture; web-share" referrerpolicy="strict-origin-when-cross-origin" allowfullscreen></iframe>
</div><figcaption class="wp-element-caption">Respondiendo a la epidemia de opioides: episodio 1</figcaption></figure>
</div>


<h4 class="wp-block-heading">Sintonice para más información:</h4>


<div class="wp-block-paragraph ">
<p><iframe style="border: none; min-width: min(100%, 430px);" title="Trastorno por consumo de opioides: una enfermedad" src="https://www.podbean.com/player-v2/?i=uwjbv-139371d-pb&amp;from=pb6admin&amp;share=1&amp;download=1&amp;rtl=0&amp;fonts=Arial&amp;skin=1&amp;font-color=&amp;logo_link=episode_page&amp;btn-skin=7" width="100%" height="150" scrolling="no" data-name="pb-iframe-player"></iframe></p>
</div>
</div></section>
