{"id":123137,"date":"2026-03-31T09:48:54","date_gmt":"2026-03-31T13:48:54","guid":{"rendered":"https:\/\/www.iaff.org\/convencion\/memorando-preconvencion-relativo-a-la-eleccion-del-vicepresidente-del-14-o-distrito\/"},"modified":"2026-04-10T10:20:49","modified_gmt":"2026-04-10T14:20:49","slug":"memorando-preconvencion-relativo-a-la-eleccion-del-vicepresidente-del-14-o-distrito","status":"publish","type":"page","link":"https:\/\/www.iaff.org\/es\/convencion\/memorando-preconvencion-relativo-a-la-eleccion-del-vicepresidente-del-14-o-distrito\/","title":{"rendered":"Memorando preconvenci\u00f3n relativo a la elecci\u00f3n del vicepresidente del 14.\u00ba Distrito"},"content":{"rendered":"","protected":false},"excerpt":{"rendered":"<p>ASOCIACI\u00d3N INTERNACIONAL DE BOMBEROS PARA: Afiliados de la AIB en el 14.\u00ba DistritoASUNTO: Informaci\u00f3n preconvenci\u00f3n relativa a la elecci\u00f3n del vicepresidente del 14.\u00ba DistritoFECHA: 31 de marzo de 2026 Cuando [&hellip;]<\/p>\n","protected":false},"featured_media":0,"parent":123346,"menu_order":0,"comment_status":"closed","ping_status":"closed","template":"","meta":{"_acf_changed":false,"_searchwp_excluded":"","inline_featured_image":false,"_EventAllDay":false,"_EventTimezone":"","_EventStartDate":"","_EventEndDate":"","_EventStartDateUTC":"","_EventEndDateUTC":"","_EventShowMap":false,"_EventShowMapLink":false,"_EventURL":"","_EventCost":"","_EventCostDescription":"","_EventCurrencySymbol":"","_EventCurrencyCode":"","_EventCurrencyPosition":"","_EventDateTimeSeparator":"","_EventTimeRangeSeparator":"","_EventOrganizerID":[],"_EventVenueID":[],"_OrganizerEmail":"","_OrganizerPhone":"","_OrganizerWebsite":"","_VenueAddress":"","_VenueCity":"","_VenueCountry":"","_VenueProvince":"","_VenueState":"","_VenueZip":"","_VenuePhone":"","_VenueURL":"","_VenueStateProvince":"","_VenueLat":"","_VenueLng":"","_VenueShowMap":false,"_VenueShowMapLink":false,"footnotes":""},"class_list":["post-123137","page","type-page","status-publish","hentry"],"acf":[],"publishpress_future_workflow_manual_trigger":{"enabledWorkflows":[]},"_links":{"self":[{"href":"https:\/\/www.iaff.org\/es\/wp-json\/wp\/v2\/pages\/123137","targetHints":{"allow":["GET"]}}],"collection":[{"href":"https:\/\/www.iaff.org\/es\/wp-json\/wp\/v2\/pages"}],"about":[{"href":"https:\/\/www.iaff.org\/es\/wp-json\/wp\/v2\/types\/page"}],"author":[{"embeddable":true,"href":"https:\/\/www.iaff.org\/es\/wp-json\/wp\/v2\/users\/3"}],"replies":[{"embeddable":true,"href":"https:\/\/www.iaff.org\/es\/wp-json\/wp\/v2\/comments?post=123137"}],"version-history":[{"count":4,"href":"https:\/\/www.iaff.org\/es\/wp-json\/wp\/v2\/pages\/123137\/revisions"}],"predecessor-version":[{"id":124062,"href":"https:\/\/www.iaff.org\/es\/wp-json\/wp\/v2\/pages\/123137\/revisions\/124062"}],"up":[{"embeddable":true,"href":"https:\/\/www.iaff.org\/es\/wp-json\/wp\/v2\/pages\/123346"}],"wp:attachment":[{"href":"https:\/\/www.iaff.org\/es\/wp-json\/wp\/v2\/media?parent=123137"}],"curies":[{"name":"wp","href":"https:\/\/api.w.org\/{rel}","templated":true}]}}

Memorando preconvención relativo a la elección del vicepresidente del 14.º Distrito

<p>ASOCIACIÓN INTERNACIONAL DE BOMBEROS PARA: Afiliados de la AIB en el 14.º DistritoASUNTO: Información preconvención relativa a la elección del vicepresidente del 14.º DistritoFECHA: 31 de marzo de 2026 Cuando [&hellip;]</p>
