{"id":130414,"date":"2026-07-20T11:45:18","date_gmt":"2026-07-20T15:45:18","guid":{"rendered":"https:\/\/www.iaff.org\/resources\/mes-de-concienciacion-sobre-el-cancer-en-bomberos-enero\/"},"modified":"2026-07-27T12:04:13","modified_gmt":"2026-07-27T16:04:13","slug":"mes-de-concienciacion-sobre-el-cancer-en-bomberos-enero","status":"publish","type":"iaff_resource","link":"https:\/\/www.iaff.org\/es\/resources\/mes-de-concienciacion-sobre-el-cancer-en-bomberos-enero\/","title":{"rendered":"Mes de Concienciaci\u00f3n sobre el C\u00e1ncer en Bomberos \u2013 Enero"},"content":{"rendered":"<section\n\t class=\"page-blocks iaff-page-blocks align wp-block-acf-page-blocks\" id=\"page-blocks_block_1eb577e73f09dbfc83e02e57f2d85605\">\n\t<div class=\"acf-innerblocks-container\"><\/div><\/section>\n\n\n<div class=\"wp-block-paragraph \">\n<p class=\"wp-block-paragraph\"><\/p>\n<\/div>","protected":false},"excerpt":{"rendered":"<p>Gr\u00e1ficos, v\u00eddeos y mensajes descargables para redes sociales de la AIB (IAFF) para ayudar a concienciar sobre la prevenci\u00f3n, educaci\u00f3n y detecci\u00f3n temprana del c\u00e1ncer ocupacional en bomberos.<\/p>\n","protected":false},"featured_media":0,"template":"","meta":{"_acf_changed":false,"_searchwp_excluded":"","inline_featured_image":false,"_EventAllDay":false,"_EventTimezone":"","_EventStartDate":"","_EventEndDate":"","_EventStartDateUTC":"","_EventEndDateUTC":"","_EventShowMap":false,"_EventShowMapLink":false,"_EventURL":"","_EventCost":"","_EventCostDescription":"","_EventCurrencySymbol":"","_EventCurrencyCode":"","_EventCurrencyPosition":"","_EventDateTimeSeparator":"","_EventTimeRangeSeparator":"","_EventOrganizerID":[],"_EventVenueID":[],"_OrganizerEmail":"","_OrganizerPhone":"","_OrganizerWebsite":"","_VenueAddress":"","_VenueCity":"","_VenueCountry":"","_VenueProvince":"","_VenueState":"","_VenueZip":"","_VenuePhone":"","_VenueURL":"","_VenueStateProvince":"","_VenueLat":"","_VenueLng":"","_VenueShowMap":false,"_VenueShowMapLink":false,"_resource_type":"link","footnotes":""},"iaff_resource_topic":[743,680,678],"iaff_resource_application":[740],"class_list":["post-130414","iaff_resource","type-iaff_resource","status-publish","hentry","iaff_resource_topic-apoyo-para-el-tratamiento-del-cancer","iaff_resource_topic-cancer-prevention","iaff_resource_topic-occupational-cancer","iaff_resource_application-graficos-para-redes-sociales"],"acf":{"_resource_type":"link","_url_source":"internal","_resource_url":"","_resource_link":96467,"_resource_file":null},"publishpress_future_workflow_manual_trigger":{"enabledWorkflows":[]},"_links":{"self":[{"href":"https:\/\/www.iaff.org\/es\/wp-json\/wp\/v2\/iaff_resource\/130414","targetHints":{"allow":["GET"]}}],"collection":[{"href":"https:\/\/www.iaff.org\/es\/wp-json\/wp\/v2\/iaff_resource"}],"about":[{"href":"https:\/\/www.iaff.org\/es\/wp-json\/wp\/v2\/types\/iaff_resource"}],"version-history":[{"count":2,"href":"https:\/\/www.iaff.org\/es\/wp-json\/wp\/v2\/iaff_resource\/130414\/revisions"}],"predecessor-version":[{"id":132316,"href":"https:\/\/www.iaff.org\/es\/wp-json\/wp\/v2\/iaff_resource\/130414\/revisions\/132316"}],"acf:post":[{"embeddable":true,"href":"https:\/\/www.iaff.org\/es\/wp-json\/wp\/v2\/pages\/96467"}],"wp:attachment":[{"href":"https:\/\/www.iaff.org\/es\/wp-json\/wp\/v2\/media?parent=130414"}],"wp:term":[{"taxonomy":"iaff_resource_topic","embeddable":true,"href":"https:\/\/www.iaff.org\/es\/wp-json\/wp\/v2\/iaff_resource_topic?post=130414"},{"taxonomy":"iaff_resource_application","embeddable":true,"href":"https:\/\/www.iaff.org\/es\/wp-json\/wp\/v2\/iaff_resource_application?post=130414"}],"curies":[{"name":"wp","href":"https:\/\/api.w.org\/{rel}","templated":true}]}}

Mes de Concienciación sobre el Cáncer en Bomberos – Enero

<p>Gráficos, vídeos y mensajes descargables para redes sociales de la AIB (IAFF) para ayudar a concienciar sobre la prevención, educación y detección temprana del cáncer ocupacional en bomberos.</p>
